Last updated on 2025-10-31 02:50:39 CET.
| Flavor | Version | Tinstall | Tcheck | Ttotal | Status | Flags | 
|---|---|---|---|---|---|---|
| r-devel-linux-x86_64-debian-clang | 2.4 | 5.69 | 53.56 | 59.25 | NOTE | |
| r-devel-linux-x86_64-debian-gcc | 2.4 | 4.16 | 38.75 | 42.91 | NOTE | |
| r-devel-linux-x86_64-fedora-clang | 2.4 | 14.00 | 73.53 | 87.53 | OK | |
| r-devel-linux-x86_64-fedora-gcc | 2.4 | 14.00 | 69.29 | 83.29 | OK | |
| r-devel-windows-x86_64 | 2.4 | 8.00 | 82.00 | 90.00 | OK | |
| r-patched-linux-x86_64 | 2.4 | 6.83 | 50.02 | 56.85 | OK | |
| r-release-linux-x86_64 | 2.4 | 5.46 | 50.01 | 55.47 | OK | |
| r-release-macos-arm64 | 2.4 | 3.00 | 27.00 | 30.00 | OK | |
| r-release-macos-x86_64 | 2.4 | 5.00 | 47.00 | 52.00 | OK | |
| r-release-windows-x86_64 | 2.4 | 8.00 | 94.00 | 102.00 | OK | |
| r-oldrel-macos-arm64 | 2.4 | 3.00 | 27.00 | 30.00 | OK | |
| r-oldrel-macos-x86_64 | 2.4 | 4.00 | 52.00 | 56.00 | OK | |
| r-oldrel-windows-x86_64 | 2.4 | 10.00 | 98.00 | 108.00 | OK | 
Version: 2.4
Check: CRAN incoming feasibility
Result: NOTE
  Maintainer: ‘Thomas D. Fletcher <t.d.fletcher05@gmail.com>’
  
  No Authors@R field in DESCRIPTION.
  Please add one, modifying
    Authors@R: person(given = c("Thomas", "D."),
                      family = "Fletcher",
                      role = c("aut", "cre"),
                      email = "t.d.fletcher05@gmail.com")
  as necessary.
Flavors: r-devel-linux-x86_64-debian-clang, r-devel-linux-x86_64-debian-gcc