Last updated on 2025-10-31 02:50:39 CET.
| Flavor | Version | Tinstall | Tcheck | Ttotal | Status | Flags | 
|---|---|---|---|---|---|---|
| r-devel-linux-x86_64-debian-clang | 2.8 | 8.34 | 31.03 | 39.37 | NOTE | |
| r-devel-linux-x86_64-debian-gcc | 2.8 | 6.24 | 32.37 | 38.61 | NOTE | |
| r-devel-linux-x86_64-fedora-clang | 2.8 | 23.00 | 39.32 | 62.32 | NOTE | |
| r-devel-linux-x86_64-fedora-gcc | 2.8 | 22.00 | 37.04 | 59.04 | NOTE | |
| r-devel-windows-x86_64 | 2.8 | 13.00 | 50.00 | 63.00 | OK | |
| r-patched-linux-x86_64 | 2.8 | 7.30 | 23.65 | 30.95 | OK | |
| r-release-linux-x86_64 | 2.8 | 7.13 | 23.35 | 30.48 | OK | |
| r-release-macos-arm64 | 2.8 | 5.00 | 20.00 | 25.00 | OK | |
| r-release-macos-x86_64 | 2.8 | 7.00 | 28.00 | 35.00 | OK | |
| r-release-windows-x86_64 | 2.8 | 11.00 | 56.00 | 67.00 | OK | |
| r-oldrel-macos-arm64 | 2.8 | 4.00 | 18.00 | 22.00 | OK | |
| r-oldrel-macos-x86_64 | 2.8 | 7.00 | 26.00 | 33.00 | OK | |
| r-oldrel-windows-x86_64 | 2.8 | 14.00 | 60.00 | 74.00 | OK | 
Version: 2.8
Check: CRAN incoming feasibility
Result: NOTE
  Maintainer: ‘Jose M. Maisog <bravas02@gmail.com>’
  
  No Authors@R field in DESCRIPTION.
  Please add one, modifying
    Authors@R: c(person(given = c("Jose", "M."),
                        family = "Maisog",
                        role = c("aut", "cre"),
                        email = "bravas02@gmail.com"),
                 person(given = "Yuan",
                        family = "Wang",
                        role = "aut"),
                 person(given = "George",
                        family = "Luta",
                        role = "aut"),
                 person(given = "Jianfei",
                        family = "Liu",
                        role = "aut"))
  as necessary.
Flavors: r-devel-linux-x86_64-debian-clang, r-devel-linux-x86_64-debian-gcc
Version: 2.8
Check: compiled code
Result: NOTE
  File ‘ptinpoly/libs/ptinpoly.so’:
    Found no calls to: ‘R_registerRoutines’, ‘R_useDynamicSymbols’
  
  It is good practice to register native routines and to disable symbol
  search.
  
  See ‘Writing portable packages’ in the ‘Writing R Extensions’ manual.
Flavors: r-devel-linux-x86_64-fedora-clang, r-devel-linux-x86_64-fedora-gcc