Last updated on 2025-10-30 02:49:10 CET.
| Flavor | Version | Tinstall | Tcheck | Ttotal | Status | Flags | 
|---|---|---|---|---|---|---|
| r-devel-linux-x86_64-debian-clang | 1.0.7 | 2.42 | 25.14 | 27.56 | NOTE | |
| r-devel-linux-x86_64-debian-gcc | 1.0.7 | 2.52 | 20.50 | 23.02 | NOTE | |
| r-devel-linux-x86_64-fedora-clang | 1.0.7 | 39.20 | OK | |||
| r-devel-linux-x86_64-fedora-gcc | 1.0.7 | 38.04 | OK | |||
| r-devel-windows-x86_64 | 1.0.7 | 5.00 | 47.00 | 52.00 | OK | |
| r-patched-linux-x86_64 | 1.0.7 | 3.46 | 23.01 | 26.47 | OK | |
| r-release-linux-x86_64 | 1.0.7 | 3.04 | 22.42 | 25.46 | OK | |
| r-release-macos-arm64 | 1.0.7 | 2.00 | 16.00 | 18.00 | OK | |
| r-release-macos-x86_64 | 1.0.7 | 3.00 | 24.00 | 27.00 | OK | |
| r-release-windows-x86_64 | 1.0.7 | 6.00 | 54.00 | 60.00 | OK | |
| r-oldrel-macos-arm64 | 1.0.7 | 2.00 | 16.00 | 18.00 | OK | |
| r-oldrel-macos-x86_64 | 1.0.7 | 4.00 | 21.00 | 25.00 | OK | |
| r-oldrel-windows-x86_64 | 1.0.7 | 4.00 | 47.00 | 51.00 | OK | 
Version: 1.0.7
Check: CRAN incoming feasibility
Result: NOTE
  Maintainer: ‘Tyler Rinker <tyler.rinker@gmail.com>’
  
  No Authors@R field in DESCRIPTION.
  Please add one, modifying
    Authors@R: person(given = "Tyler",
                      family = "Rinker",
                      role = c("aut", "cre"),
                      email = "tyler.rinker@gmail.com")
  as necessary.
  
  Package CITATION file contains call(s) to old-style citEntry().  Please
  use bibentry() instead.
Flavors: r-devel-linux-x86_64-debian-clang, r-devel-linux-x86_64-debian-gcc