Last updated on 2025-10-31 02:50:40 CET.
| Flavor | Version | Tinstall | Tcheck | Ttotal | Status | Flags | 
|---|---|---|---|---|---|---|
| r-devel-linux-x86_64-debian-clang | 0.9.0 | 7.48 | 87.15 | 94.63 | NOTE | |
| r-devel-linux-x86_64-debian-gcc | 0.9.0 | 5.28 | 62.30 | 67.58 | NOTE | |
| r-devel-linux-x86_64-fedora-clang | 0.9.0 | 14.00 | 131.53 | 145.53 | OK | |
| r-devel-linux-x86_64-fedora-gcc | 0.9.0 | 22.00 | 121.85 | 143.85 | OK | |
| r-devel-windows-x86_64 | 0.9.0 | 8.00 | 93.00 | 101.00 | OK | |
| r-patched-linux-x86_64 | 0.9.0 | 7.63 | 80.89 | 88.52 | OK | |
| r-release-linux-x86_64 | 0.9.0 | 7.05 | 81.50 | 88.55 | OK | |
| r-release-macos-arm64 | 0.9.0 | 4.00 | 37.00 | 41.00 | OK | |
| r-release-macos-x86_64 | 0.9.0 | 8.00 | 96.00 | 104.00 | OK | |
| r-release-windows-x86_64 | 0.9.0 | 8.00 | 95.00 | 103.00 | OK | |
| r-oldrel-macos-arm64 | 0.9.0 | 3.00 | 35.00 | 38.00 | OK | |
| r-oldrel-macos-x86_64 | 0.9.0 | 7.00 | 56.00 | 63.00 | OK | |
| r-oldrel-windows-x86_64 | 0.9.0 | 11.00 | 110.00 | 121.00 | OK | 
Version: 0.9.0
Check: CRAN incoming feasibility
Result: NOTE
  Maintainer: ‘Maria de los Angeles Resa <maria@stat.columbia.edu>’
  
  No Authors@R field in DESCRIPTION.
  Please add one, modifying
    Authors@R: c(person(given = c("Maria", "de", "los", "Angeles"),
                        family = "Resa",
                        role = c("aut", "cre"),
                        email = "maria@stat.columbia.edu"),
                 person(given = "Birol",
                        family = "Emir",
                        role = "aut"),
                 person(given = "Javier",
                        family = "Cabrera",
                        role = "aut"))
  as necessary.
Flavors: r-devel-linux-x86_64-debian-clang, r-devel-linux-x86_64-debian-gcc