Last updated on 2025-10-31 02:50:41 CET.
| Flavor | Version | Tinstall | Tcheck | Ttotal | Status | Flags | 
|---|---|---|---|---|---|---|
| r-devel-linux-x86_64-debian-clang | 1.0.2 | 2.67 | 26.82 | 29.49 | NOTE | |
| r-devel-linux-x86_64-debian-gcc | 1.0.2 | 1.89 | 21.47 | 23.36 | NOTE | |
| r-devel-linux-x86_64-fedora-clang | 1.0.2 | 43.37 | OK | |||
| r-devel-linux-x86_64-fedora-gcc | 1.0.2 | 41.90 | OK | |||
| r-devel-windows-x86_64 | 1.0.2 | 4.00 | 47.00 | 51.00 | OK | |
| r-patched-linux-x86_64 | 1.0.2 | 2.88 | 25.64 | 28.52 | OK | |
| r-release-linux-x86_64 | 1.0.2 | 2.29 | 25.25 | 27.54 | OK | |
| r-release-macos-arm64 | 1.0.2 | 1.00 | 18.00 | 19.00 | OK | |
| r-release-macos-x86_64 | 1.0.2 | 2.00 | 29.00 | 31.00 | OK | |
| r-release-windows-x86_64 | 1.0.2 | 3.00 | 49.00 | 52.00 | OK | |
| r-oldrel-macos-arm64 | 1.0.2 | 1.00 | 17.00 | 18.00 | OK | |
| r-oldrel-macos-x86_64 | 1.0.2 | 3.00 | 29.00 | 32.00 | OK | |
| r-oldrel-windows-x86_64 | 1.0.2 | 6.00 | 54.00 | 60.00 | OK | 
Version: 1.0.2
Check: CRAN incoming feasibility
Result: NOTE
  Maintainer: ‘Patricia Conde-Clemente <patricia.condeclemente@gmail.com>’
  
  No Authors@R field in DESCRIPTION.
  Please add one, modifying
    Authors@R: c(person(given = "Patricia",
                        family = "Conde-Clemente",
                        role = c("aut", "cre"),
                        email = "patricia.condeclemente@gmail.com"),
                 person(given = c("Jose", "M."),
                        family = "Alonso",
                        role = "aut"),
                 person(given = "Gracian",
                        family = "Trivino",
                        role = "aut"))
  as necessary.
  
  Package CITATION file contains call(s) to old-style personList() or
  as.personList().  Please use c() on person objects instead.
  Package CITATION file contains call(s) to old-style citEntry().  Please
  use bibentry() instead.
Flavors: r-devel-linux-x86_64-debian-clang, r-devel-linux-x86_64-debian-gcc