Last updated on 2025-10-30 02:49:10 CET.
| Flavor | Version | Tinstall | Tcheck | Ttotal | Status | Flags | 
|---|---|---|---|---|---|---|
| r-devel-linux-x86_64-debian-clang | 0.1.0 | 3.39 | 199.05 | 202.44 | NOTE | |
| r-devel-linux-x86_64-debian-gcc | 0.1.0 | 2.54 | 119.42 | 121.96 | NOTE | |
| r-devel-linux-x86_64-fedora-clang | 0.1.0 | 19.00 | 314.93 | 333.93 | NOTE | |
| r-devel-linux-x86_64-fedora-gcc | 0.1.0 | 316.60 | NOTE | |||
| r-devel-windows-x86_64 | 0.1.0 | 4.00 | 182.00 | 186.00 | NOTE | |
| r-patched-linux-x86_64 | 0.1.0 | 3.91 | 183.39 | 187.30 | NOTE | |
| r-release-linux-x86_64 | 0.1.0 | 3.11 | 186.01 | 189.12 | NOTE | |
| r-release-macos-arm64 | 0.1.0 | 1.00 | 68.00 | 69.00 | NOTE | |
| r-release-macos-x86_64 | 0.1.0 | 3.00 | 156.00 | 159.00 | NOTE | |
| r-release-windows-x86_64 | 0.1.0 | 5.00 | 182.00 | 187.00 | NOTE | |
| r-oldrel-macos-arm64 | 0.1.0 | 2.00 | 94.00 | 96.00 | OK | |
| r-oldrel-macos-x86_64 | 0.1.0 | 5.00 | 312.00 | 317.00 | OK | |
| r-oldrel-windows-x86_64 | 0.1.0 | 5.00 | 256.00 | 261.00 | OK | 
Version: 0.1.0
Check: DESCRIPTION meta-information
Result: NOTE
    Missing dependency on R >= 4.1.0 because package code uses the pipe
    |> or function shorthand \(...) syntax added in R 4.1.0.
    File(s) using such syntax:
      ‘add_element.Rd’
Flavors: r-devel-linux-x86_64-debian-clang, r-devel-linux-x86_64-debian-gcc, r-devel-linux-x86_64-fedora-clang, r-devel-linux-x86_64-fedora-gcc, r-devel-windows-x86_64, r-patched-linux-x86_64, r-release-linux-x86_64, r-release-macos-arm64, r-release-macos-x86_64, r-release-windows-x86_64