Last updated on 2025-10-30 02:49:10 CET.
| Flavor | Version | Tinstall | Tcheck | Ttotal | Status | Flags | 
|---|---|---|---|---|---|---|
| r-devel-linux-x86_64-debian-clang | 1.0.0 | 6.59 | 59.91 | 66.50 | NOTE | |
| r-devel-linux-x86_64-debian-gcc | 1.0.0 | 4.51 | 43.47 | 47.98 | NOTE | |
| r-devel-linux-x86_64-fedora-clang | 1.0.0 | 38.00 | 72.87 | 110.87 | OK | |
| r-devel-linux-x86_64-fedora-gcc | 1.0.0 | 16.00 | 80.94 | 96.94 | OK | |
| r-devel-windows-x86_64 | 1.0.0 | 8.00 | 70.00 | 78.00 | OK | |
| r-patched-linux-x86_64 | 1.0.0 | 6.95 | 55.86 | 62.81 | OK | |
| r-release-linux-x86_64 | 1.0.0 | 6.60 | 56.41 | 63.01 | OK | |
| r-release-macos-arm64 | 1.0.0 | 3.00 | 24.00 | 27.00 | OK | |
| r-release-macos-x86_64 | 1.0.0 | 5.00 | 40.00 | 45.00 | OK | |
| r-release-windows-x86_64 | 1.0.0 | 9.00 | 72.00 | 81.00 | OK | |
| r-oldrel-macos-arm64 | 1.0.0 | 3.00 | 24.00 | 27.00 | NOTE | |
| r-oldrel-macos-x86_64 | 1.0.0 | 4.00 | 35.00 | 39.00 | NOTE | |
| r-oldrel-windows-x86_64 | 1.0.0 | 11.00 | 88.00 | 99.00 | NOTE | 
Version: 1.0.0
Check: CRAN incoming feasibility
Result: NOTE
  Maintainer: ‘Kory D. Johnson <korydjohnson@gmail.com>’
  
  The Description field contains
    <arXiv:1510.06322>.
  Please refer to arXiv e-prints via their arXiv DOI <doi:10.48550/arXiv.YYMM.NNNNN>.
Flavors: r-devel-linux-x86_64-debian-clang, r-devel-linux-x86_64-debian-gcc
Version: 1.0.0
Check: LazyData
Result: NOTE
    'LazyData' is specified without a 'data' directory
Flavors: r-oldrel-macos-arm64, r-oldrel-macos-x86_64, r-oldrel-windows-x86_64