Last updated on 2025-10-31 02:50:40 CET.
| Flavor | Version | Tinstall | Tcheck | Ttotal | Status | Flags | 
|---|---|---|---|---|---|---|
| r-devel-linux-x86_64-debian-clang | 2.2 | 4.16 | 36.67 | 40.83 | NOTE | |
| r-devel-linux-x86_64-debian-gcc | 2.2 | 2.99 | 27.18 | 30.17 | NOTE | |
| r-devel-linux-x86_64-fedora-clang | 2.2 | 20.00 | 47.48 | 67.48 | OK | |
| r-devel-linux-x86_64-fedora-gcc | 2.2 | 59.75 | OK | |||
| r-devel-windows-x86_64 | 2.2 | 4.00 | 54.00 | 58.00 | OK | |
| r-patched-linux-x86_64 | 2.2 | 4.65 | 34.86 | 39.51 | OK | |
| r-release-linux-x86_64 | 2.2 | 3.88 | 34.50 | 38.38 | OK | |
| r-release-macos-arm64 | 2.2 | 2.00 | 18.00 | 20.00 | OK | |
| r-release-macos-x86_64 | 2.2 | 3.00 | 33.00 | 36.00 | OK | |
| r-release-windows-x86_64 | 2.2 | 6.00 | 54.00 | 60.00 | OK | |
| r-oldrel-macos-arm64 | 2.2 | 2.00 | 19.00 | 21.00 | OK | |
| r-oldrel-macos-x86_64 | 2.2 | 4.00 | 26.00 | 30.00 | OK | |
| r-oldrel-windows-x86_64 | 2.2 | 6.00 | 62.00 | 68.00 | OK | 
Version: 2.2
Check: CRAN incoming feasibility
Result: NOTE
  Maintainer: ‘Xinwei Ma <x1ma@ucsd.edu>’
  
  No Authors@R field in DESCRIPTION.
  Please add one, modifying
    Authors@R: c(person(given = c("Matias", "D."),
                        family = "Cattaneo",
                        role = "aut"),
                 person(given = "Paul",
                        family = "Cheung",
                        role = "aut"),
                 person(given = "Xinwei",
                        family = "Ma",
                        role = c("aut", "cre"),
                        email = "x1ma@ucsd.edu"),
                 person(given = "Yusufcan",
                        family = "Masatlioglu",
                        role = "aut"),
                 person(given = "Elchin",
                        family = "Suleymanov",
                        role = "aut"))
  as necessary.
  
  The Description field contains
    Cattaneo, Ma, Masatlioglu and Suleymanov (2020) <arXiv:1712.03448> and
    Cattaneo, Cheung, Ma, and Masatlioglu (2022) <arXiv:2110.10650>, which
  Please refer to arXiv e-prints via their arXiv DOI <doi:10.48550/arXiv.YYMM.NNNNN>.
Flavors: r-devel-linux-x86_64-debian-clang, r-devel-linux-x86_64-debian-gcc