Last updated on 2025-10-31 02:50:40 CET.
| Flavor | Version | Tinstall | Tcheck | Ttotal | Status | Flags | 
|---|---|---|---|---|---|---|
| r-devel-linux-x86_64-debian-clang | 0.0.3 | 48.04 | 46.24 | 94.28 | NOTE | |
| r-devel-linux-x86_64-debian-gcc | 0.0.3 | 43.30 | 37.18 | 80.48 | NOTE | |
| r-devel-linux-x86_64-fedora-clang | 0.0.3 | 115.00 | 56.34 | 171.34 | OK | |
| r-devel-linux-x86_64-fedora-gcc | 0.0.3 | 104.00 | 74.63 | 178.63 | OK | |
| r-devel-windows-x86_64 | 0.0.3 | 62.00 | 77.00 | 139.00 | OK | |
| r-patched-linux-x86_64 | 0.0.3 | 59.51 | 45.48 | 104.99 | OK | |
| r-release-linux-x86_64 | 0.0.3 | 55.65 | 45.36 | 101.01 | OK | |
| r-release-macos-arm64 | 0.0.3 | 23.00 | 25.00 | 48.00 | OK | |
| r-release-macos-x86_64 | 0.0.3 | 28.00 | 40.00 | 68.00 | OK | |
| r-release-windows-x86_64 | 0.0.3 | 69.00 | 83.00 | 152.00 | OK | |
| r-oldrel-macos-arm64 | 0.0.3 | 22.00 | 25.00 | 47.00 | NOTE | |
| r-oldrel-macos-x86_64 | 0.0.3 | 22.00 | 34.00 | 56.00 | NOTE | |
| r-oldrel-windows-x86_64 | 0.0.3 | 78.00 | 102.00 | 180.00 | OK | 
Version: 0.0.3
Check: CRAN incoming feasibility
Result: NOTE
  Maintainer: ‘Johann Gaebler <me@jgaeb.com>’
  
  The Description field contains
    Disparate Impact" Jung et al. (2024) <arXiv:1809.05651>.
  Please refer to arXiv e-prints via their arXiv DOI <doi:10.48550/arXiv.YYMM.NNNNN>.
Flavors: r-devel-linux-x86_64-debian-clang, r-devel-linux-x86_64-debian-gcc
Version: 0.0.3
Check: installed package size
Result: NOTE
    installed size is  8.9Mb
    sub-directories of 1Mb or more:
      libs   8.7Mb
Flavors: r-oldrel-macos-arm64, r-oldrel-macos-x86_64