Last updated on 2025-07-24 02:52:23 CEST.
Flavor | Version | Tinstall | Tcheck | Ttotal | Status | Flags |
---|---|---|---|---|---|---|
r-devel-linux-x86_64-debian-clang | 2.1.1 | 4.64 | 46.28 | 50.92 | NOTE | |
r-devel-linux-x86_64-debian-gcc | 2.1.1 | 3.37 | 33.80 | 37.17 | NOTE | |
r-devel-linux-x86_64-fedora-clang | 2.1.2 | 81.99 | OK | |||
r-devel-linux-x86_64-fedora-gcc | 2.1.2 | 76.45 | OK | |||
r-devel-windows-x86_64 | 2.1.1 | 7.00 | 58.00 | 65.00 | NOTE | |
r-patched-linux-x86_64 | 2.1.1 | 4.79 | 41.05 | 45.84 | NOTE | |
r-release-linux-x86_64 | 2.1.1 | 4.31 | 41.57 | 45.88 | NOTE | |
r-release-macos-arm64 | 2.1.1 | 26.00 | OK | |||
r-release-macos-x86_64 | 2.1.2 | 51.00 | OK | |||
r-release-windows-x86_64 | 2.1.1 | 7.00 | 60.00 | 67.00 | NOTE | |
r-oldrel-macos-arm64 | 2.1.1 | 25.00 | OK | |||
r-oldrel-macos-x86_64 | 2.1.2 | 52.00 | OK | |||
r-oldrel-windows-x86_64 | 2.1.1 | 9.00 | 69.00 | 78.00 | OK |
Version: 2.1.1
Check: Rd cross-references
Result: NOTE
Found the following Rd file(s) with Rd \link{} targets missing package
anchors:
carto_scale.Rd: discrete_scale, continuous_scale
Please provide package anchors for all Rd \link{} targets not in the
package itself and the base packages.
Flavors: r-devel-linux-x86_64-debian-clang, r-devel-linux-x86_64-debian-gcc, r-devel-windows-x86_64, r-patched-linux-x86_64, r-release-linux-x86_64, r-release-windows-x86_64