Last updated on 2025-07-24 02:52:23 CEST.
Flavor | Version | Tinstall | Tcheck | Ttotal | Status | Flags |
---|---|---|---|---|---|---|
r-devel-linux-x86_64-debian-clang | 1.3.2 | 17.76 | 136.17 | 153.93 | NOTE | |
r-devel-linux-x86_64-debian-gcc | 1.3.2 | 13.30 | 105.30 | 118.60 | NOTE | |
r-devel-linux-x86_64-fedora-clang | 1.3.3 | 255.96 | OK | |||
r-devel-linux-x86_64-fedora-gcc | 1.3.3 | 265.94 | OK | |||
r-devel-windows-x86_64 | 1.3.2 | 19.00 | 133.00 | 152.00 | NOTE | |
r-patched-linux-x86_64 | 1.3.2 | 19.30 | 127.87 | 147.17 | NOTE | |
r-release-linux-x86_64 | 1.3.2 | 16.40 | 128.62 | 145.02 | NOTE | |
r-release-macos-arm64 | 1.3.2 | 83.00 | OK | |||
r-release-macos-x86_64 | 1.3.3 | 108.00 | OK | |||
r-release-windows-x86_64 | 1.3.2 | 18.00 | 135.00 | 153.00 | NOTE | |
r-oldrel-macos-arm64 | 1.3.2 | 90.00 | OK | |||
r-oldrel-macos-x86_64 | 1.3.3 | 147.00 | OK | |||
r-oldrel-windows-x86_64 | 1.3.2 | 22.00 | 160.00 | 182.00 | OK |
Version: 1.3.2
Check: Rd cross-references
Result: NOTE
Found the following Rd file(s) with Rd \link{} targets missing package
anchors:
mrd_est.Rd: vcovHC
mrd_impute.Rd: vcovHC
rd_est.Rd: vcovHC
rd_impute.Rd: vcovHC
Please provide package anchors for all Rd \link{} targets not in the
package itself and the base packages.
Flavors: r-devel-linux-x86_64-debian-clang, r-devel-linux-x86_64-debian-gcc, r-devel-windows-x86_64, r-patched-linux-x86_64, r-release-linux-x86_64, r-release-windows-x86_64