Last updated on 2025-10-31 02:50:40 CET.
| Flavor | Version | Tinstall | Tcheck | Ttotal | Status | Flags | 
|---|---|---|---|---|---|---|
| r-devel-linux-x86_64-debian-clang | 0.9-7 | 2.78 | 28.61 | 31.39 | NOTE | |
| r-devel-linux-x86_64-debian-gcc | 0.9-7 | 2.48 | 22.85 | 25.33 | NOTE | |
| r-devel-linux-x86_64-fedora-clang | 0.9-7 | 46.25 | OK | |||
| r-devel-linux-x86_64-fedora-gcc | 0.9-7 | 44.47 | OK | |||
| r-devel-windows-x86_64 | 0.9-7 | 3.00 | 47.00 | 50.00 | OK | |
| r-patched-linux-x86_64 | 0.9-7 | 3.55 | 27.36 | 30.91 | OK | |
| r-release-linux-x86_64 | 0.9-7 | 2.89 | 27.27 | 30.16 | OK | |
| r-release-macos-arm64 | 0.9-7 | 1.00 | 15.00 | 16.00 | OK | |
| r-release-macos-x86_64 | 0.9-7 | 2.00 | 26.00 | 28.00 | OK | |
| r-release-windows-x86_64 | 0.9-7 | 4.00 | 55.00 | 59.00 | OK | |
| r-oldrel-macos-arm64 | 0.9-7 | 1.00 | 14.00 | 15.00 | OK | |
| r-oldrel-macos-x86_64 | 0.9-7 | 2.00 | 22.00 | 24.00 | OK | |
| r-oldrel-windows-x86_64 | 0.9-7 | 4.00 | 52.00 | 56.00 | OK | 
Version: 0.9-7
Check: CRAN incoming feasibility
Result: NOTE
  Maintainer: ‘Petr Savicky <savicky@cs.cas.cz>’
  
  No Authors@R field in DESCRIPTION.
  Please add one, modifying
    Authors@R: person(given = "Petr",
                      family = "Savicky",
                      role = c("aut", "cre"),
                      email = "savicky@cs.cas.cz")
  as necessary.
Flavors: r-devel-linux-x86_64-debian-clang, r-devel-linux-x86_64-debian-gcc