Last updated on 2025-10-31 02:50:40 CET.
| Flavor | Version | Tinstall | Tcheck | Ttotal | Status | Flags | 
|---|---|---|---|---|---|---|
| r-devel-linux-x86_64-debian-clang | 1.0.6 | 2.79 | 25.97 | 28.76 | NOTE | |
| r-devel-linux-x86_64-debian-gcc | 1.0.6 | 2.06 | 20.62 | 22.68 | NOTE | |
| r-devel-linux-x86_64-fedora-clang | 1.0.6 | 42.76 | NOTE | |||
| r-devel-linux-x86_64-fedora-gcc | 1.0.6 | 40.30 | NOTE | |||
| r-devel-windows-x86_64 | 1.0.6 | 4.00 | 48.00 | 52.00 | NOTE | |
| r-patched-linux-x86_64 | 1.0.6 | 2.60 | 24.51 | 27.11 | NOTE | |
| r-release-linux-x86_64 | 1.0.6 | 2.67 | 24.49 | 27.16 | NOTE | |
| r-release-macos-arm64 | 1.0.6 | 1.00 | 16.00 | 17.00 | NOTE | |
| r-release-macos-x86_64 | 1.0.6 | 2.00 | 26.00 | 28.00 | NOTE | |
| r-release-windows-x86_64 | 1.0.6 | 5.00 | 49.00 | 54.00 | NOTE | |
| r-oldrel-macos-arm64 | 1.0.6 | 1.00 | 15.00 | 16.00 | NOTE | |
| r-oldrel-macos-x86_64 | 1.0.6 | 2.00 | 24.00 | 26.00 | NOTE | |
| r-oldrel-windows-x86_64 | 1.0.6 | 6.00 | 53.00 | 59.00 | NOTE | 
Version: 1.0.6
Check: CRAN incoming feasibility
Result: NOTE
  Maintainer: ‘Nicholas Cooper <njcooper@gmx.co.uk>’
  
  No Authors@R field in DESCRIPTION.
  Please add one, modifying
    Authors@R: person(given = "Nicholas",
                      family = "Cooper",
                      role = c("aut", "cre"),
                      email = "njcooper@gmx.co.uk")
  as necessary.
Flavors: r-devel-linux-x86_64-debian-clang, r-devel-linux-x86_64-debian-gcc
Version: 1.0.6
Check: Rd files
Result: NOTE
  checkRd: (-1) reader-package.Rd:38: Lost braces in \itemize; meant \describe ?
  checkRd: (-1) reader-package.Rd:39: Lost braces in \itemize; meant \describe ?
  checkRd: (-1) reader-package.Rd:40: Lost braces in \itemize; meant \describe ?
  checkRd: (-1) reader-package.Rd:41: Lost braces in \itemize; meant \describe ?
  checkRd: (-1) reader-package.Rd:42: Lost braces in \itemize; meant \describe ?
  checkRd: (-1) reader-package.Rd:43: Lost braces in \itemize; meant \describe ?
  checkRd: (-1) reader-package.Rd:44: Lost braces in \itemize; meant \describe ?
  checkRd: (-1) reader-package.Rd:45: Lost braces in \itemize; meant \describe ?
  checkRd: (-1) reader-package.Rd:46: Lost braces in \itemize; meant \describe ?
  checkRd: (-1) reader-package.Rd:47: Lost braces in \itemize; meant \describe ?
  checkRd: (-1) reader-package.Rd:48: Lost braces in \itemize; meant \describe ?
  checkRd: (-1) reader-package.Rd:49: Lost braces in \itemize; meant \describe ?
  checkRd: (-1) reader-package.Rd:50: Lost braces in \itemize; meant \describe ?
  checkRd: (-1) reader-package.Rd:51: Lost braces in \itemize; meant \describe ?
  checkRd: (-1) reader-package.Rd:52: Lost braces in \itemize; meant \describe ?
  checkRd: (-1) reader-package.Rd:53: Lost braces in \itemize; meant \describe ?
  checkRd: (-1) reader-package.Rd:54: Lost braces in \itemize; meant \describe ?
  checkRd: (-1) reader-package.Rd:55: Lost braces in \itemize; meant \describe ?
Flavors: r-devel-linux-x86_64-debian-clang, r-devel-linux-x86_64-debian-gcc, r-devel-linux-x86_64-fedora-clang, r-devel-linux-x86_64-fedora-gcc, r-devel-windows-x86_64, r-patched-linux-x86_64, r-release-linux-x86_64, r-release-macos-arm64, r-release-macos-x86_64, r-release-windows-x86_64, r-oldrel-macos-arm64, r-oldrel-macos-x86_64, r-oldrel-windows-x86_64
Version: 1.0.6
Check: for non-standard things in the check directory
Result: NOTE
  Found the following files/directories:
    ‘temp.txt’ ‘temp2.csv’ ‘temp3.rda’
Flavors: r-devel-linux-x86_64-debian-clang, r-devel-linux-x86_64-debian-gcc, r-devel-linux-x86_64-fedora-clang, r-devel-linux-x86_64-fedora-gcc, r-patched-linux-x86_64, r-release-linux-x86_64