Last updated on 2025-10-30 02:49:10 CET.
| Flavor | Version | Tinstall | Tcheck | Ttotal | Status | Flags | 
|---|---|---|---|---|---|---|
| r-devel-linux-x86_64-debian-clang | 0.0-2 | 1.83 | 23.59 | 25.42 | NOTE | |
| r-devel-linux-x86_64-debian-gcc | 0.0-2 | 1.43 | 19.89 | 21.32 | NOTE | |
| r-devel-linux-x86_64-fedora-clang | 0.0-2 | 35.97 | OK | |||
| r-devel-linux-x86_64-fedora-gcc | 0.0-2 | 35.11 | OK | |||
| r-devel-windows-x86_64 | 0.0-2 | 3.00 | 47.00 | 50.00 | NOTE | |
| r-patched-linux-x86_64 | 0.0-2 | 1.98 | 21.94 | 23.92 | NOTE | |
| r-release-linux-x86_64 | 0.0-2 | 1.51 | 22.26 | 23.77 | NOTE | |
| r-release-macos-arm64 | 0.0-2 | 1.00 | 19.00 | 20.00 | OK | |
| r-release-macos-x86_64 | 0.0-2 | 2.00 | 27.00 | 29.00 | OK | |
| r-release-windows-x86_64 | 0.0-2 | 3.00 | 49.00 | 52.00 | NOTE | |
| r-oldrel-macos-arm64 | 0.0-2 | 1.00 | 16.00 | 17.00 | OK | |
| r-oldrel-macos-x86_64 | 0.0-2 | 2.00 | 22.00 | 24.00 | OK | |
| r-oldrel-windows-x86_64 | 0.0-2 | 3.00 | 58.00 | 61.00 | OK | 
Version: 0.0-2
Check: Rd cross-references
Result: NOTE
  Found the following Rd file(s) with Rd \link{} targets missing package
  anchors:
    DateTime.Rd: ClassGroups
  Please provide package anchors for all Rd \link{} targets not in the
  package itself and the base packages.
Flavors: r-devel-linux-x86_64-debian-clang, r-devel-linux-x86_64-debian-gcc, r-devel-windows-x86_64, r-patched-linux-x86_64, r-release-linux-x86_64, r-release-windows-x86_64