Last updated on 2025-10-31 02:50:41 CET.
| Flavor | Version | Tinstall | Tcheck | Ttotal | Status | Flags | 
|---|---|---|---|---|---|---|
| r-devel-linux-x86_64-debian-clang | 0.5 | 3.03 | 50.32 | 53.35 | NOTE | |
| r-devel-linux-x86_64-debian-gcc | 0.5 | 2.32 | 39.72 | 42.04 | NOTE | |
| r-devel-linux-x86_64-fedora-clang | 0.5 | 11.00 | 74.03 | 85.03 | OK | |
| r-devel-linux-x86_64-fedora-gcc | 0.5 | 12.00 | 68.89 | 80.89 | OK | |
| r-devel-windows-x86_64 | 0.5 | 4.00 | 62.00 | 66.00 | OK | |
| r-patched-linux-x86_64 | 0.5 | 2.83 | 47.60 | 50.43 | OK | |
| r-release-linux-x86_64 | 0.5 | 2.82 | 46.48 | 49.30 | OK | |
| r-release-macos-arm64 | 0.5 | 5.00 | ERROR | |||
| r-release-macos-x86_64 | 0.5 | 6.00 | ERROR | |||
| r-release-windows-x86_64 | 0.5 | 4.00 | 61.00 | 65.00 | OK | |
| r-oldrel-macos-arm64 | 0.5 | 10.00 | ERROR | |||
| r-oldrel-macos-x86_64 | 0.5 | 12.00 | ERROR | |||
| r-oldrel-windows-x86_64 | 0.5 | 5.00 | 71.00 | 76.00 | OK | 
Version: 0.5
Check: CRAN incoming feasibility
Result: NOTE
  Maintainer: ‘Pawel Teisseyre <teisseyrep@ipipan.waw.pl>’
  
  No Authors@R field in DESCRIPTION.
  Please add one, modifying
    Authors@R: c(person(given = "Pawel",
                        family = "Teisseyre",
                        role = c("aut", "cre"),
                        email = "teisseyrep@ipipan.waw.pl"),
                 person(given = c("Robert", "A."),
                        family = "Klopotek",
                        role = "aut"))
  as necessary.
Flavors: r-devel-linux-x86_64-debian-clang, r-devel-linux-x86_64-debian-gcc
Version: 0.5
Check: package dependencies
Result: ERROR
  Package required but not available: ‘Rmpi’
  
  See section ‘The DESCRIPTION file’ in the ‘Writing R Extensions’
  manual.
Flavors: r-release-macos-arm64, r-release-macos-x86_64, r-oldrel-macos-arm64, r-oldrel-macos-x86_64