Last updated on 2025-10-31 02:50:41 CET.
| Flavor | Version | Tinstall | Tcheck | Ttotal | Status | Flags | 
|---|---|---|---|---|---|---|
| r-devel-linux-x86_64-debian-clang | 1.0.0 | 1.20 | 14.72 | 15.92 | NOTE | |
| r-devel-linux-x86_64-debian-gcc | 1.0.0 | 1.04 | 12.09 | 13.13 | NOTE | |
| r-devel-linux-x86_64-fedora-clang | 1.0.0 | 22.21 | OK | |||
| r-devel-linux-x86_64-fedora-gcc | 1.0.0 | 21.85 | OK | |||
| r-devel-windows-x86_64 | 1.0.0 | 2.00 | 30.00 | 32.00 | OK | |
| r-patched-linux-x86_64 | 1.0.0 | 1.29 | 13.90 | 15.19 | OK | |
| r-release-linux-x86_64 | 1.0.0 | 1.19 | 13.75 | 14.94 | OK | |
| r-release-macos-arm64 | 1.0.0 | 1.00 | 12.00 | 13.00 | OK | |
| r-release-macos-x86_64 | 1.0.0 | 1.00 | 22.00 | 23.00 | OK | |
| r-release-windows-x86_64 | 1.0.0 | 2.00 | 35.00 | 37.00 | OK | |
| r-oldrel-macos-arm64 | 1.0.0 | 1.00 | 16.00 | 17.00 | OK | |
| r-oldrel-macos-x86_64 | 1.0.0 | 1.00 | 21.00 | 22.00 | OK | |
| r-oldrel-windows-x86_64 | 1.0.0 | 3.00 | 32.00 | 35.00 | OK | 
Version: 1.0.0
Check: CRAN incoming feasibility
Result: NOTE
  Maintainer: ‘Mathieu Gautier <mathieu.gautier@supagro.inra.fr>’
  
  No Authors@R field in DESCRIPTION.
  Please add one, modifying
    Authors@R: c(person(given = "Mathieu",
                        family = "Gautier",
                        role = c("aut", "cre"),
                        email = "mathieu.gautier@supagro.inra.fr"),
                 person(given = "Alexander",
                        family = "Klassmann",
                        role = "aut"),
                 person(given = "Renaud",
                        family = "Vitalis",
                        role = "aut"))
  as necessary.
  
  Package CITATION file contains call(s) to old-style citEntry().  Please
  use bibentry() instead.
Flavors: r-devel-linux-x86_64-debian-clang, r-devel-linux-x86_64-debian-gcc