Last updated on 2025-10-31 02:50:41 CET.
| Flavor | Version | Tinstall | Tcheck | Ttotal | Status | Flags | 
|---|---|---|---|---|---|---|
| r-devel-linux-x86_64-debian-clang | 2.0.0 | 1.50 | 20.44 | 21.94 | NOTE | |
| r-devel-linux-x86_64-debian-gcc | 2.0.0 | 1.28 | 17.39 | 18.67 | NOTE | |
| r-devel-linux-x86_64-fedora-clang | 2.0.0 | 31.32 | OK | |||
| r-devel-linux-x86_64-fedora-gcc | 2.0.0 | 29.47 | OK | |||
| r-devel-windows-x86_64 | 2.0.0 | 4.00 | 39.00 | 43.00 | OK | |
| r-patched-linux-x86_64 | 2.0.0 | 1.26 | 18.27 | 19.53 | OK | |
| r-release-linux-x86_64 | 2.0.0 | 1.41 | 18.33 | 19.74 | OK | |
| r-release-macos-arm64 | 2.0.0 | 1.00 | 15.00 | 16.00 | OK | |
| r-release-macos-x86_64 | 2.0.0 | 1.00 | 21.00 | 22.00 | OK | |
| r-release-windows-x86_64 | 2.0.0 | 5.00 | 39.00 | 44.00 | OK | |
| r-oldrel-macos-arm64 | 1.00 | 17.00 | 18.00 | OK | ||
| r-oldrel-macos-x86_64 | 2.0.0 | 1.00 | 18.00 | 19.00 | OK | |
| r-oldrel-windows-x86_64 | 2.0.0 | 2.00 | 41.00 | 43.00 | OK | 
Version: 2.0.0
Check: CRAN incoming feasibility
Result: NOTE
  Maintainer: ‘Gabor Csardi <csardi.gabor@gmail.com>’
  
  No Authors@R field in DESCRIPTION.
  Please add one, modifying
    Authors@R: person(given = "Gabor",
                      family = "Csardi",
                      role = c("aut", "cre"),
                      email = "csardi.gabor@gmail.com")
  as necessary.
Flavors: r-devel-linux-x86_64-debian-clang, r-devel-linux-x86_64-debian-gcc