Last updated on 2025-10-31 02:50:41 CET.
| Flavor | Version | Tinstall | Tcheck | Ttotal | Status | Flags | 
|---|---|---|---|---|---|---|
| r-devel-linux-x86_64-debian-clang | 3.2.9 | 39.28 | 63.14 | 102.42 | OK | |
| r-devel-linux-x86_64-debian-gcc | 3.2.9 | 27.49 | 51.66 | 79.15 | OK | |
| r-devel-linux-x86_64-fedora-clang | 3.2.9 | 68.00 | 95.60 | 163.60 | OK | |
| r-devel-linux-x86_64-fedora-gcc | 3.2.9 | 73.00 | 111.94 | 184.94 | OK | |
| r-devel-windows-x86_64 | 3.2.9 | 42.00 | 121.00 | 163.00 | OK | |
| r-patched-linux-x86_64 | 3.2.9 | 40.96 | 60.46 | 101.42 | OK | |
| r-release-linux-x86_64 | 3.2.9 | 39.70 | 61.18 | 100.88 | OK | |
| r-release-macos-arm64 | 3.2.9 | 13.00 | 69.00 | 82.00 | OK | |
| r-release-macos-x86_64 | 3.2.9 | 44.00 | 189.00 | 233.00 | OK | |
| r-release-windows-x86_64 | 3.2.9 | 43.00 | 122.00 | 165.00 | OK | |
| r-oldrel-macos-arm64 | 3.2.9 | 13.00 | 55.00 | 68.00 | NOTE | |
| r-oldrel-macos-x86_64 | 3.2.9 | 41.00 | 154.00 | 195.00 | NOTE | |
| r-oldrel-windows-x86_64 | 3.2.9 | 47.00 | 155.00 | 202.00 | NOTE | 
Version: 3.2.9
Check: installed package size
Result: NOTE
    installed size is  8.3Mb
    sub-directories of 1Mb or more:
      doc    3.5Mb
      libs   4.0Mb
Flavors: r-oldrel-macos-arm64, r-oldrel-macos-x86_64, r-oldrel-windows-x86_64