Last updated on 2025-10-31 02:50:41 CET.
| Flavor | Version | Tinstall | Tcheck | Ttotal | Status | Flags | 
|---|---|---|---|---|---|---|
| r-devel-linux-x86_64-debian-clang | 0.1.7 | 3.40 | 31.09 | 34.49 | NOTE | |
| r-devel-linux-x86_64-debian-gcc | 0.1.7 | 2.23 | 23.45 | 25.68 | NOTE | |
| r-devel-linux-x86_64-fedora-clang | 0.1.7 | 50.28 | OK | |||
| r-devel-linux-x86_64-fedora-gcc | 0.1.7 | 47.94 | OK | |||
| r-devel-windows-x86_64 | 0.1.7 | 5.00 | 51.00 | 56.00 | OK | |
| r-patched-linux-x86_64 | 0.1.7 | 3.45 | 28.98 | 32.43 | OK | |
| r-release-linux-x86_64 | 0.1.7 | 3.15 | 29.63 | 32.78 | OK | |
| r-release-macos-arm64 | 0.1.7 | 2.00 | 18.00 | 20.00 | OK | |
| r-release-macos-x86_64 | 0.1.7 | 3.00 | 28.00 | 31.00 | OK | |
| r-release-windows-x86_64 | 0.1.7 | 6.00 | 53.00 | 59.00 | OK | |
| r-oldrel-macos-arm64 | 0.1.7 | 2.00 | 15.00 | 17.00 | NOTE | |
| r-oldrel-macos-x86_64 | 0.1.7 | 2.00 | 25.00 | 27.00 | NOTE | |
| r-oldrel-windows-x86_64 | 0.1.7 | 8.00 | 62.00 | 70.00 | NOTE | 
Version: 0.1.7
Check: CRAN incoming feasibility
Result: NOTE
  Maintainer: ‘David Hervas Marin <ddhervas@yahoo.es>’
  
  No Authors@R field in DESCRIPTION.
  Please add one, modifying
    Authors@R: person(given = c("David", "Hervas"),
                      family = "Marin",
                      role = c("aut", "cre"),
                      email = "ddhervas@yahoo.es")
  as necessary.
Flavors: r-devel-linux-x86_64-debian-clang, r-devel-linux-x86_64-debian-gcc
Version: 0.1.7
Check: LazyData
Result: NOTE
    'LazyData' is specified without a 'data' directory
Flavors: r-oldrel-macos-arm64, r-oldrel-macos-x86_64, r-oldrel-windows-x86_64