Last updated on 2025-10-31 02:50:41 CET.
| Flavor | Version | Tinstall | Tcheck | Ttotal | Status | Flags | 
|---|---|---|---|---|---|---|
| r-devel-linux-x86_64-debian-clang | 0.3.0 | 1.84 | 20.00 | 21.84 | NOTE | |
| r-devel-linux-x86_64-debian-gcc | 0.3.0 | 1.73 | 16.93 | 18.66 | NOTE | |
| r-devel-linux-x86_64-fedora-clang | 0.3.0 | 32.98 | OK | |||
| r-devel-linux-x86_64-fedora-gcc | 0.3.0 | 30.26 | OK | |||
| r-devel-windows-x86_64 | 0.3.0 | 3.00 | 39.00 | 42.00 | OK | |
| r-patched-linux-x86_64 | 0.3.0 | 2.04 | 18.91 | 20.95 | OK | |
| r-release-linux-x86_64 | 0.3.0 | 1.98 | 18.95 | 20.93 | OK | |
| r-release-macos-arm64 | 0.3.0 | 1.00 | 17.00 | 18.00 | OK | |
| r-release-macos-x86_64 | 0.3.0 | 2.00 | 27.00 | 29.00 | OK | |
| r-release-windows-x86_64 | 0.3.0 | 4.00 | 39.00 | 43.00 | OK | |
| r-oldrel-macos-arm64 | 0.3.0 | 1.00 | 14.00 | 15.00 | NOTE | |
| r-oldrel-macos-x86_64 | 0.3.0 | 2.00 | 19.00 | 21.00 | NOTE | |
| r-oldrel-windows-x86_64 | 0.3.0 | 4.00 | 46.00 | 50.00 | NOTE | 
Version: 0.3.0
Check: CRAN incoming feasibility
Result: NOTE
  Maintainer: ‘Zhicheng Du<dgdzc@hotmail.com>’
  
  No Authors@R field in DESCRIPTION.
  Please add one, modifying
    Authors@R: c(person(given = "Zhicheng",
                        family = "Du",
                        role = c("aut", "cre"),
                        email = "dgdzc@hotmail.com"),
                 person(given = "Yuantao",
                        family = "Hao",
                        role = "aut"))
  as necessary.
Flavors: r-devel-linux-x86_64-debian-clang, r-devel-linux-x86_64-debian-gcc
Version: 0.3.0
Check: LazyData
Result: NOTE
    'LazyData' is specified without a 'data' directory
Flavors: r-oldrel-macos-arm64, r-oldrel-macos-x86_64, r-oldrel-windows-x86_64