Last updated on 2025-10-31 02:50:41 CET.
| Flavor | Version | Tinstall | Tcheck | Ttotal | Status | Flags | 
|---|---|---|---|---|---|---|
| r-devel-linux-x86_64-debian-clang | 0.1.0 | 1.58 | 22.05 | 23.63 | NOTE | |
| r-devel-linux-x86_64-debian-gcc | 0.1.0 | 1.32 | 18.20 | 19.52 | NOTE | |
| r-devel-linux-x86_64-fedora-clang | 0.1.0 | 32.72 | NOTE | |||
| r-devel-linux-x86_64-fedora-gcc | 0.1.0 | 32.49 | NOTE | |||
| r-devel-windows-x86_64 | 0.1.0 | 4.00 | 40.00 | 44.00 | NOTE | |
| r-patched-linux-x86_64 | 0.1.0 | 1.54 | 20.11 | 21.65 | NOTE | |
| r-release-linux-x86_64 | 0.1.0 | 1.61 | 19.71 | 21.32 | NOTE | |
| r-release-macos-arm64 | 0.1.0 | 1.00 | 14.00 | 15.00 | NOTE | |
| r-release-macos-x86_64 | 0.1.0 | 2.00 | 23.00 | 25.00 | NOTE | |
| r-release-windows-x86_64 | 0.1.0 | 2.00 | 43.00 | 45.00 | NOTE | |
| r-oldrel-macos-arm64 | 0.1.0 | 1.00 | 13.00 | 14.00 | OK | |
| r-oldrel-macos-x86_64 | 0.1.0 | 1.00 | 21.00 | 22.00 | OK | |
| r-oldrel-windows-x86_64 | 0.1.0 | 3.00 | 46.00 | 49.00 | OK | 
Version: 0.1.0
Check: DESCRIPTION meta-information
Result: NOTE
    Missing dependency on R >= 4.1.0 because package code uses the pipe
    |> or function shorthand \(...) syntax added in R 4.1.0.
    File(s) using such syntax:
      ‘as_result.Rd’ ‘bind.R’ ‘bind.Rd’ ‘result.R’ ‘result.Rd’
Flavors: r-devel-linux-x86_64-debian-clang, r-devel-linux-x86_64-debian-gcc, r-devel-linux-x86_64-fedora-clang, r-devel-linux-x86_64-fedora-gcc, r-devel-windows-x86_64, r-patched-linux-x86_64, r-release-linux-x86_64, r-release-macos-arm64, r-release-macos-x86_64, r-release-windows-x86_64