Last updated on 2025-10-31 02:50:41 CET.
| Flavor | Version | Tinstall | Tcheck | Ttotal | Status | Flags | 
|---|---|---|---|---|---|---|
| r-devel-linux-x86_64-debian-clang | 3.0 | 2.82 | 28.72 | 31.54 | NOTE | |
| r-devel-linux-x86_64-debian-gcc | 3.0 | 2.35 | 22.85 | 25.20 | NOTE | |
| r-devel-linux-x86_64-fedora-clang | 3.0 | 46.74 | OK | |||
| r-devel-linux-x86_64-fedora-gcc | 3.0 | 14.00 | 33.40 | 47.40 | OK | |
| r-devel-windows-x86_64 | 3.0 | 3.00 | 51.00 | 54.00 | OK | |
| r-patched-linux-x86_64 | 3.0 | 2.90 | 27.52 | 30.42 | OK | |
| r-release-linux-x86_64 | 3.0 | 3.29 | 27.21 | 30.50 | OK | |
| r-release-macos-arm64 | 3.0 | 1.00 | 17.00 | 18.00 | OK | |
| r-release-macos-x86_64 | 3.0 | 3.00 | 29.00 | 32.00 | OK | |
| r-release-windows-x86_64 | 3.0 | 4.00 | 58.00 | 62.00 | OK | |
| r-oldrel-macos-arm64 | 3.0 | 1.00 | 18.00 | 19.00 | OK | |
| r-oldrel-macos-x86_64 | 3.0 | 2.00 | 23.00 | 25.00 | OK | |
| r-oldrel-windows-x86_64 | 3.0 | 3.00 | 52.00 | 55.00 | OK | 
Version: 3.0
Check: CRAN incoming feasibility
Result: NOTE
  Maintainer: ‘Thomas Lumley <t.lumley@auckland.ac.nz>’
  
  No Authors@R field in DESCRIPTION.
  Please add one, modifying
    Authors@R: person(given = "Thomas",
                      family = "Lumley",
                      role = c("aut", "cre"),
                      email = "t.lumley@auckland.ac.nz")
  as necessary.
Flavors: r-devel-linux-x86_64-debian-clang, r-devel-linux-x86_64-debian-gcc