Last updated on 2025-10-31 02:50:42 CET.
| Flavor | Version | Tinstall | Tcheck | Ttotal | Status | Flags | 
|---|---|---|---|---|---|---|
| r-devel-linux-x86_64-debian-clang | 0.1-7 | 15.07 | 159.45 | 174.52 | NOTE | |
| r-devel-linux-x86_64-debian-gcc | 0.1-7 | 9.66 | 104.76 | 114.42 | NOTE | |
| r-devel-linux-x86_64-fedora-clang | 0.1-7 | 29.00 | 238.10 | 267.10 | OK | |
| r-devel-linux-x86_64-fedora-gcc | 0.1-7 | 60.00 | 201.82 | 261.82 | OK | |
| r-devel-windows-x86_64 | 0.1-7 | 24.00 | 162.00 | 186.00 | OK | |
| r-patched-linux-x86_64 | 0.1-7 | 13.07 | 150.88 | 163.95 | OK | |
| r-release-linux-x86_64 | 0.1-7 | 12.44 | 151.52 | 163.96 | OK | |
| r-release-macos-arm64 | 0.1-7 | 9.00 | 66.00 | 75.00 | OK | |
| r-release-macos-x86_64 | 0.1-7 | 12.00 | 135.00 | 147.00 | OK | |
| r-release-windows-x86_64 | 0.1-7 | 26.00 | 165.00 | 191.00 | OK | |
| r-oldrel-macos-arm64 | 0.1-7 | 8.00 | 68.00 | 76.00 | OK | |
| r-oldrel-macos-x86_64 | 0.1-7 | 10.00 | 105.00 | 115.00 | OK | |
| r-oldrel-windows-x86_64 | 0.1-7 | 31.00 | 212.00 | 243.00 | OK | 
Version: 0.1-7
Check: CRAN incoming feasibility
Result: NOTE
  Maintainer: ‘Claudio Agostinelli <claudio.agostinelli@unitn.it>’
  
  No Authors@R field in DESCRIPTION.
  Please add one, modifying
    Authors@R: c(person(given = "Claudio",
                        family = "Agostinelli",
                        role = c("aut", "cre"),
                        email = "claudio.agostinelli@unitn.it"),
                 person(given = c("Victor", "J."),
                        family = "Yohai",
                        role = "aut",
                        email = "victoryohai@gmail.com"))
  as necessary.
  
  Package CITATION file contains call(s) to old-style personList() or
  as.personList().  Please use c() on person objects instead.
  Package CITATION file contains call(s) to old-style citEntry().  Please
  use bibentry() instead.
Flavors: r-devel-linux-x86_64-debian-clang, r-devel-linux-x86_64-debian-gcc