Last updated on 2025-10-31 02:50:42 CET.
| Flavor | Version | Tinstall | Tcheck | Ttotal | Status | Flags | 
|---|---|---|---|---|---|---|
| r-devel-linux-x86_64-debian-clang | 0.3.0 | 3.06 | 101.94 | 105.00 | NOTE | |
| r-devel-linux-x86_64-debian-gcc | 0.3.0 | 2.07 | 74.48 | 76.55 | NOTE | |
| r-devel-linux-x86_64-fedora-clang | 0.3.0 | 153.32 | OK | |||
| r-devel-linux-x86_64-fedora-gcc | 0.3.0 | 11.00 | 164.11 | 175.11 | OK | |
| r-devel-windows-x86_64 | 0.3.0 | 5.00 | 84.00 | 89.00 | OK | |
| r-patched-linux-x86_64 | 0.3.0 | 3.17 | 98.39 | 101.56 | OK | |
| r-release-linux-x86_64 | 0.3.0 | 2.56 | 97.20 | 99.76 | OK | |
| r-release-macos-arm64 | 0.3.0 | 1.00 | 46.00 | 47.00 | OK | |
| r-release-macos-x86_64 | 0.3.0 | 3.00 | 80.00 | 83.00 | OK | |
| r-release-windows-x86_64 | 0.3.0 | 6.00 | 85.00 | 91.00 | OK | |
| r-oldrel-macos-arm64 | 0.3.0 | 1.00 | 48.00 | 49.00 | OK | |
| r-oldrel-macos-x86_64 | 0.3.0 | 3.00 | 98.00 | 101.00 | OK | |
| r-oldrel-windows-x86_64 | 0.3.0 | 6.00 | 105.00 | 111.00 | OK | 
Version: 0.3.0
Check: CRAN incoming feasibility
Result: NOTE
  Maintainer: ‘Luke McGuinness <luke.mcguinness@bristol.ac.uk>’
  
  Package CITATION file contains call(s) to old-style citEntry().  Please
  use bibentry() instead.
  
  The BugReports field in DESCRIPTION has
    https://github.com/mcguinlu/robvis
  which should likely be
    https://github.com/mcguinlu/robvis/issues
  instead.
Flavors: r-devel-linux-x86_64-debian-clang, r-devel-linux-x86_64-debian-gcc