Last updated on 2025-10-31 02:50:42 CET.
| Flavor | Version | Tinstall | Tcheck | Ttotal | Status | Flags | 
|---|---|---|---|---|---|---|
| r-devel-linux-x86_64-debian-clang | 1.3 | 2.27 | 30.90 | 33.17 | NOTE | |
| r-devel-linux-x86_64-debian-gcc | 1.3 | 1.74 | 22.83 | 24.57 | NOTE | |
| r-devel-linux-x86_64-fedora-clang | 1.3 | 50.84 | OK | |||
| r-devel-linux-x86_64-fedora-gcc | 1.3 | 51.14 | OK | |||
| r-devel-windows-x86_64 | 1.3 | 3.00 | 47.00 | 50.00 | OK | |
| r-patched-linux-x86_64 | 1.3 | 2.29 | 29.43 | 31.72 | OK | |
| r-release-linux-x86_64 | 1.3 | 2.31 | 29.51 | 31.82 | OK | |
| r-release-macos-arm64 | 1.3 | 2.00 | 18.00 | 20.00 | OK | |
| r-release-macos-x86_64 | 1.3 | 2.00 | 30.00 | 32.00 | OK | |
| r-release-windows-x86_64 | 1.3 | 4.00 | 49.00 | 53.00 | OK | |
| r-oldrel-macos-arm64 | 1.3 | 1.00 | 17.00 | 18.00 | OK | |
| r-oldrel-macos-x86_64 | 1.3 | 2.00 | 24.00 | 26.00 | OK | |
| r-oldrel-windows-x86_64 | 1.3 | 4.00 | 56.00 | 60.00 | OK | 
Version: 1.3
Check: CRAN incoming feasibility
Result: NOTE
  Maintainer: ‘Martin Lauss <martin.lauss@med.lu.se>’
  
  No Authors@R field in DESCRIPTION.
  Please add one, modifying
    Authors@R: person(given = "Martin",
                      family = "Lauss",
                      role = c("aut", "cre"),
                      email = "martin.lauss@med.lu.se")
  as necessary.
Flavors: r-devel-linux-x86_64-debian-clang, r-devel-linux-x86_64-debian-gcc