Last updated on 2025-10-31 02:50:42 CET.
| Flavor | Version | Tinstall | Tcheck | Ttotal | Status | Flags | 
|---|---|---|---|---|---|---|
| r-devel-linux-x86_64-debian-clang | 0.9.23 | 16.78 | 56.46 | 73.24 | OK | |
| r-devel-linux-x86_64-debian-gcc | 0.9.23 | 15.48 | 41.07 | 56.55 | OK | |
| r-devel-linux-x86_64-fedora-clang | 0.9.23 | 44.00 | 76.65 | 120.65 | OK | |
| r-devel-linux-x86_64-fedora-gcc | 0.9.23 | 65.00 | 64.39 | 129.39 | OK | |
| r-devel-windows-x86_64 | 0.9.23 | 25.00 | 85.00 | 110.00 | OK | |
| r-patched-linux-x86_64 | 0.9.23 | 19.57 | 51.48 | 71.05 | OK | |
| r-release-linux-x86_64 | 0.9.23 | 21.39 | 51.78 | 73.17 | OK | |
| r-release-macos-arm64 | 0.9.23 | 11.00 | 74.00 | 85.00 | OK | |
| r-release-macos-x86_64 | 0.9.23 | 41.00 | 148.00 | 189.00 | OK | |
| r-release-windows-x86_64 | 0.9.23 | 27.00 | 86.00 | 113.00 | OK | |
| r-oldrel-macos-arm64 | 0.9.23 | 11.00 | 38.00 | 49.00 | NOTE | |
| r-oldrel-macos-x86_64 | 0.9.23 | 42.00 | 140.00 | 182.00 | NOTE | |
| r-oldrel-windows-x86_64 | 0.9.23 | 32.00 | 106.00 | 138.00 | NOTE | 
Version: 0.9.23
Check: for GNU extensions in Makefiles
Result: NOTE
  GNU make is a SystemRequirements.
Flavors: r-oldrel-macos-arm64, r-oldrel-macos-x86_64, r-oldrel-windows-x86_64