Last updated on 2025-10-31 02:50:42 CET.
| Flavor | Version | Tinstall | Tcheck | Ttotal | Status | Flags | 
|---|---|---|---|---|---|---|
| r-devel-linux-x86_64-debian-clang | 1.0-2 | 2.26 | 30.14 | 32.40 | NOTE | |
| r-devel-linux-x86_64-debian-gcc | 1.0-2 | 1.75 | 22.51 | 24.26 | NOTE | |
| r-devel-linux-x86_64-fedora-clang | 1.0-2 | 48.41 | OK | |||
| r-devel-linux-x86_64-fedora-gcc | 1.0-2 | 46.29 | OK | |||
| r-devel-windows-x86_64 | 1.0-2 | 3.00 | 47.00 | 50.00 | OK | |
| r-patched-linux-x86_64 | 1.0-2 | 2.48 | 28.20 | 30.68 | OK | |
| r-release-linux-x86_64 | 1.0-2 | 2.29 | 28.09 | 30.38 | OK | |
| r-release-macos-arm64 | 1.0-2 | 1.00 | 18.00 | 19.00 | OK | |
| r-release-macos-x86_64 | 1.0-2 | 2.00 | 32.00 | 34.00 | OK | |
| r-release-windows-x86_64 | 1.0-2 | 4.00 | 49.00 | 53.00 | OK | |
| r-oldrel-macos-arm64 | 1.0-2 | 1.00 | 16.00 | 17.00 | OK | |
| r-oldrel-macos-x86_64 | 1.0-2 | 2.00 | 23.00 | 25.00 | OK | |
| r-oldrel-windows-x86_64 | 1.0-2 | 3.00 | 55.00 | 58.00 | OK | 
Version: 1.0-2
Check: CRAN incoming feasibility
Result: NOTE
  Maintainer: ‘Giuliano Galimberti <giuliano.galimberti@unibo.it>’
  
  No Authors@R field in DESCRIPTION.
  Please add one, modifying
    Authors@R: c(person(given = "Giuliano",
                        family = "Galimberti",
                        role = c("aut", "cre"),
                        email = "giuliano.galimberti@unibo.it"),
                 person(given = "Gabriele",
                        family = "Soffritti",
                        role = "aut"),
                 person(given = c("Matteo", "Di"),
                        family = "Maso",
                        role = "aut"))
  as necessary.
  
  Package CITATION file contains call(s) to old-style personList() or
  as.personList().  Please use c() on person objects instead.
  Package CITATION file contains call(s) to old-style citEntry().  Please
  use bibentry() instead.
Flavors: r-devel-linux-x86_64-debian-clang, r-devel-linux-x86_64-debian-gcc