Last updated on 2025-10-31 02:50:42 CET.
| Flavor | Version | Tinstall | Tcheck | Ttotal | Status | Flags | 
|---|---|---|---|---|---|---|
| r-devel-linux-x86_64-debian-clang | 0.11-5 | 21.73 | 340.92 | 362.65 | NOTE | |
| r-devel-linux-x86_64-debian-gcc | 0.11-5 | 14.09 | 194.89 | 208.98 | NOTE | |
| r-devel-linux-x86_64-fedora-clang | 0.11-5 | 37.00 | 541.00 | 578.00 | NOTE | |
| r-devel-linux-x86_64-fedora-gcc | 0.11-5 | 47.00 | 529.67 | 576.67 | NOTE | |
| r-devel-windows-x86_64 | 0.11-5 | 25.00 | 290.00 | 315.00 | NOTE | |
| r-patched-linux-x86_64 | 0.11-5 | 21.94 | 318.36 | 340.30 | NOTE | |
| r-release-linux-x86_64 | 0.11-5 | 19.15 | 320.86 | 340.01 | NOTE | |
| r-release-macos-arm64 | 0.11-5 | 14.00 | 187.00 | 201.00 | NOTE | |
| r-release-macos-x86_64 | 0.11-5 | 17.00 | 362.00 | 379.00 | NOTE | |
| r-release-windows-x86_64 | 0.11-5 | 25.00 | 285.00 | 310.00 | NOTE | |
| r-oldrel-macos-arm64 | 0.11-5 | 10.00 | 122.00 | 132.00 | NOTE | |
| r-oldrel-macos-x86_64 | 0.11-5 | 12.00 | 205.00 | 217.00 | NOTE | |
| r-oldrel-windows-x86_64 | 0.11-5 | 30.00 | 406.00 | 436.00 | NOTE | 
Version: 0.11-5
Check: Rd files
Result: NOTE
  checkRd: (-1) LBA-race.Rd:157: Lost braces
     157 |   corresponding (and not first) accumulator winning see /code{/link{LBA}}.
         |                                                              ^
  checkRd: (-1) LBA-race.Rd:157: Lost braces
     157 |   corresponding (and not first) accumulator winning see /code{/link{LBA}}.
         |                                                                    ^
Flavors: r-devel-linux-x86_64-debian-clang, r-devel-linux-x86_64-debian-gcc, r-devel-linux-x86_64-fedora-clang, r-devel-linux-x86_64-fedora-gcc, r-devel-windows-x86_64, r-patched-linux-x86_64, r-release-linux-x86_64, r-release-macos-arm64, r-release-macos-x86_64, r-release-windows-x86_64, r-oldrel-macos-arm64, r-oldrel-macos-x86_64, r-oldrel-windows-x86_64