Last updated on 2025-10-31 02:50:43 CET.
| Flavor | Version | Tinstall | Tcheck | Ttotal | Status | Flags | 
|---|---|---|---|---|---|---|
| r-devel-linux-x86_64-debian-clang | 0.3.0 | 7.46 | 449.03 | 456.49 | OK | |
| r-devel-linux-x86_64-debian-gcc | 0.3.0 | 4.70 | 276.03 | 280.73 | OK | |
| r-devel-linux-x86_64-fedora-clang | 0.3.0 | 16.00 | 752.36 | 768.36 | OK | |
| r-devel-linux-x86_64-fedora-gcc | 0.3.0 | 18.00 | 742.09 | 760.09 | OK | |
| r-devel-windows-x86_64 | 0.3.0 | 8.00 | 364.00 | 372.00 | OK | |
| r-patched-linux-x86_64 | 0.3.0 | 6.35 | 415.71 | 422.06 | OK | |
| r-release-linux-x86_64 | 0.3.0 | 6.44 | 416.80 | 423.24 | OK | |
| r-release-macos-arm64 | 0.3.0 | 3.00 | 227.00 | 230.00 | OK | |
| r-release-macos-x86_64 | 0.3.0 | 5.00 | 338.00 | 343.00 | OK | |
| r-release-windows-x86_64 | 0.3.0 | 11.00 | 367.00 | 378.00 | OK | |
| r-oldrel-macos-arm64 | 0.3.0 | 2.00 | 154.00 | 156.00 | NOTE | |
| r-oldrel-macos-x86_64 | 0.3.0 | 4.00 | 252.00 | 256.00 | NOTE | |
| r-oldrel-windows-x86_64 | 0.3.0 | 11.00 | 507.00 | 518.00 | NOTE | 
Version: 0.3.0
Check: LazyData
Result: NOTE
    'LazyData' is specified without a 'data' directory
Flavors: r-oldrel-macos-arm64, r-oldrel-macos-x86_64, r-oldrel-windows-x86_64