Last updated on 2025-10-31 02:50:42 CET.
| Flavor | Version | Tinstall | Tcheck | Ttotal | Status | Flags | 
|---|---|---|---|---|---|---|
| r-devel-linux-x86_64-debian-clang | 0.8.7 | 11.54 | 184.09 | 195.63 | NOTE | |
| r-devel-linux-x86_64-debian-gcc | 0.8.7 | 8.37 | 117.99 | 126.36 | NOTE | |
| r-devel-linux-x86_64-fedora-clang | 0.8.7 | 23.00 | 281.82 | 304.82 | OK | |
| r-devel-linux-x86_64-fedora-gcc | 0.8.7 | 26.00 | 281.29 | 307.29 | OK | |
| r-devel-windows-x86_64 | 0.8.7 | 15.00 | 189.00 | 204.00 | OK | |
| r-patched-linux-x86_64 | 0.8.7 | 10.93 | 175.73 | 186.66 | OK | |
| r-release-linux-x86_64 | 0.8.7 | 10.78 | 174.04 | 184.82 | OK | |
| r-release-macos-arm64 | 0.8.7 | 5.00 | 77.00 | 82.00 | OK | |
| r-release-macos-x86_64 | 0.8.7 | 10.00 | 164.00 | 174.00 | OK | |
| r-release-windows-x86_64 | 0.8.7 | 16.00 | 191.00 | 207.00 | OK | |
| r-oldrel-macos-arm64 | 0.8.7 | 5.00 | 72.00 | 77.00 | OK | |
| r-oldrel-macos-x86_64 | 0.8.7 | 7.00 | 121.00 | 128.00 | OK | |
| r-oldrel-windows-x86_64 | 0.8.7 | 19.00 | 245.00 | 264.00 | OK | 
Version: 0.8.7
Check: CRAN incoming feasibility
Result: NOTE
  Maintainer: ‘Alexander Ly <a.ly@jasp-stats.org>’
  
  The Description field contains
    (2019) "Safe Testing" <arXiv:1906.07801>, for details on safe logrank
    Horizon" <arXiv:2011.06931v3> and Turner, Ly and Grunwald (2021) "Safe
    beyond" <arXiv:2106.02693> for details on safe contingency table tests.
  Please refer to arXiv e-prints via their arXiv DOI <doi:10.48550/arXiv.YYMM.NNNNN>.
Flavors: r-devel-linux-x86_64-debian-clang, r-devel-linux-x86_64-debian-gcc