Last updated on 2025-10-30 02:49:12 CET.
| Flavor | Version | Tinstall | Tcheck | Ttotal | Status | Flags | 
|---|---|---|---|---|---|---|
| r-devel-linux-x86_64-debian-clang | 4.1.1 | 9.33 | 79.13 | 88.46 | NOTE | |
| r-devel-linux-x86_64-debian-gcc | 4.1.1 | 6.66 | 60.37 | 67.03 | NOTE | |
| r-devel-linux-x86_64-fedora-clang | 4.1.1 | 21.00 | 114.48 | 135.48 | OK | |
| r-devel-linux-x86_64-fedora-gcc | 4.1.1 | 20.00 | 137.91 | 157.91 | OK | |
| r-devel-windows-x86_64 | 4.1.1 | 12.00 | 97.00 | 109.00 | OK | |
| r-patched-linux-x86_64 | 4.1.1 | 9.74 | 75.67 | 85.41 | OK | |
| r-release-linux-x86_64 | 4.1.1 | 8.94 | 75.55 | 84.49 | OK | |
| r-release-macos-arm64 | 4.1.1 | 5.00 | 46.00 | 51.00 | OK | |
| r-release-macos-x86_64 | 4.1.1 | 9.00 | 98.00 | 107.00 | OK | |
| r-release-windows-x86_64 | 4.1.1 | 14.00 | 98.00 | 112.00 | OK | |
| r-oldrel-macos-arm64 | 4.1.1 | 5.00 | 45.00 | 50.00 | OK | |
| r-oldrel-macos-x86_64 | 4.1.1 | 8.00 | 66.00 | 74.00 | OK | |
| r-oldrel-windows-x86_64 | 4.1.1 | 16.00 | 120.00 | 136.00 | OK | 
Version: 4.1.1
Check: CRAN incoming feasibility
Result: NOTE
  Maintainer: ‘Hugo Andres Gutierrez Rojas <hagutierrezro@gmail.com>’
  
  No Authors@R field in DESCRIPTION.
  Please add one, modifying
    Authors@R: person(given = c("Hugo", "Andres", "Gutierrez"),
                      family = "Rojas",
                      role = c("aut", "cre"),
                      email = "hagutierrezro@gmail.com")
  as necessary.
Flavors: r-devel-linux-x86_64-debian-clang, r-devel-linux-x86_64-debian-gcc