Last updated on 2025-10-31 02:50:42 CET.
| Flavor | Version | Tinstall | Tcheck | Ttotal | Status | Flags | 
|---|---|---|---|---|---|---|
| r-devel-linux-x86_64-debian-clang | 1.5 | 8.33 | 48.18 | 56.51 | NOTE | |
| r-devel-linux-x86_64-debian-gcc | 1.5 | 6.30 | 34.35 | 40.65 | NOTE | |
| r-devel-linux-x86_64-fedora-clang | 1.5 | 16.00 | 63.01 | 79.01 | OK | |
| r-devel-linux-x86_64-fedora-gcc | 1.5 | 17.00 | 58.93 | 75.93 | OK | |
| r-devel-windows-x86_64 | 1.5 | 18.00 | 74.00 | 92.00 | OK | |
| r-patched-linux-x86_64 | 1.5 | 9.90 | 44.88 | 54.78 | OK | |
| r-release-linux-x86_64 | 1.5 | 7.99 | 45.62 | 53.61 | OK | |
| r-release-macos-arm64 | 1.5 | 6.00 | 22.00 | 28.00 | OK | |
| r-release-macos-x86_64 | 1.5 | 11.00 | 49.00 | 60.00 | OK | |
| r-release-windows-x86_64 | 1.5 | 21.00 | 85.00 | 106.00 | OK | |
| r-oldrel-macos-arm64 | 1.5 | 5.00 | 21.00 | 26.00 | OK | |
| r-oldrel-macos-x86_64 | 1.5 | 6.00 | 31.00 | 37.00 | OK | |
| r-oldrel-windows-x86_64 | 1.5 | 18.00 | 73.00 | 91.00 | OK | 
Version: 1.5
Check: CRAN incoming feasibility
Result: NOTE
  Maintainer: ‘Emilio Lopez Escobar <emilio@quantos.mx>’
  
  No Authors@R field in DESCRIPTION.
  Please add one, modifying
    Authors@R: c(person(given = c("Emilio", "Lopez"),
                        family = "Escobar",
                        role = c("aut", "cre", "cph"),
                        email = "emilio@quantos.mx"),
                 person(given = c("Ernesto", "Barrios"),
                        family = "Zamudio",
                        role = "ctb",
                        email = "ebarrios@itam.mx"),
                 person(given = c("Juan", "Francisco", "Munoz"),
                        family = "Rosas",
                        role = "ctb",
                        email = "jfmunoz@go.ugr.es"))
  as necessary.
  
  Package CITATION file contains call(s) to old-style personList() or
  as.personList().  Please use c() on person objects instead.
  Package CITATION file contains call(s) to old-style citEntry().  Please
  use bibentry() instead.
Flavors: r-devel-linux-x86_64-debian-clang, r-devel-linux-x86_64-debian-gcc