CRAN Package Check Results for Package sand

Last updated on 2025-07-24 02:52:25 CEST.

Flavor Version Tinstall Tcheck Ttotal Status Flags
r-devel-linux-x86_64-debian-clang 2.0.0 3.15 29.09 32.24 OK
r-devel-linux-x86_64-debian-gcc 2.0.0 2.30 22.15 24.45 OK
r-devel-linux-x86_64-fedora-clang 2.0.0 53.72 OK
r-devel-linux-x86_64-fedora-gcc 2.0.0 49.36 OK
r-devel-windows-x86_64 2.0.0 5.00 48.00 53.00 OK
r-patched-linux-x86_64 2.0.0 2.98 27.33 30.31 OK
r-release-linux-x86_64 2.0.0 2.95 27.15 30.10 OK
r-release-macos-arm64 2.0.0 23.00 OK
r-release-macos-x86_64 2.0.0 47.00 OK
r-release-windows-x86_64 2.0.0 5.00 55.00 60.00 OK
r-oldrel-macos-arm64 2.0.0 20.00 NOTE
r-oldrel-macos-x86_64 2.0.0 35.00 NOTE
r-oldrel-windows-x86_64 2.0.0 6.00 56.00 62.00 NOTE

Check Details

Version: 2.0.0
Check: package dependencies
Result: NOTE Packages suggested but not available for checking: 'networkTomography', 'org.Sc.sgd.db' Flavors: r-oldrel-macos-arm64, r-oldrel-macos-x86_64

Version: 2.0.0
Check: package dependencies
Result: NOTE Package suggested but not available for checking: 'networkTomography' Flavor: r-oldrel-windows-x86_64