Last updated on 2025-10-31 02:50:42 CET.
| Flavor | Version | Tinstall | Tcheck | Ttotal | Status | Flags | 
|---|---|---|---|---|---|---|
| r-devel-linux-x86_64-debian-clang | 1.0.2 | 2.19 | 36.20 | 38.39 | NOTE | |
| r-devel-linux-x86_64-debian-gcc | 1.0.2 | 1.76 | 25.28 | 27.04 | NOTE | |
| r-devel-linux-x86_64-fedora-clang | 1.0.2 | 59.51 | OK | |||
| r-devel-linux-x86_64-fedora-gcc | 1.0.2 | 56.48 | OK | |||
| r-devel-windows-x86_64 | 1.0.2 | 3.00 | 50.00 | 53.00 | OK | |
| r-patched-linux-x86_64 | 1.0.2 | 2.31 | 33.63 | 35.94 | OK | |
| r-release-linux-x86_64 | 1.0.2 | 2.23 | 33.76 | 35.99 | OK | |
| r-release-macos-arm64 | 1.0.2 | 1.00 | 21.00 | 22.00 | OK | |
| r-release-macos-x86_64 | 1.0.2 | 2.00 | 33.00 | 35.00 | OK | |
| r-release-windows-x86_64 | 1.0.2 | 4.00 | 51.00 | 55.00 | OK | |
| r-oldrel-macos-arm64 | 1.0.2 | 1.00 | 20.00 | 21.00 | NOTE | |
| r-oldrel-macos-x86_64 | 1.0.2 | 2.00 | 28.00 | 30.00 | NOTE | |
| r-oldrel-windows-x86_64 | 1.0.2 | 5.00 | 60.00 | 65.00 | NOTE | 
Version: 1.0.2
Check: CRAN incoming feasibility
Result: NOTE
  Maintainer: ‘Gábor Csárdi <csardi.gabor@gmail.com>’
  
  No Authors@R field in DESCRIPTION.
  Please add one, modifying
    Authors@R: c(person(given = "Gábor",
                        family = "Csárdi",
                        role = c("aut", "cre"),
                        email = "csardi.gabor@gmail.com"),
                 person(given = "January",
                        family = "Weiner",
                        role = "aut"))
  as necessary.
Flavors: r-devel-linux-x86_64-debian-clang, r-devel-linux-x86_64-debian-gcc
Version: 1.0.2
Check: LazyData
Result: NOTE
    'LazyData' is specified without a 'data' directory
Flavors: r-oldrel-macos-arm64, r-oldrel-macos-x86_64, r-oldrel-windows-x86_64