Last updated on 2025-10-31 02:50:42 CET.
| Flavor | Version | Tinstall | Tcheck | Ttotal | Status | Flags | 
|---|---|---|---|---|---|---|
| r-devel-linux-x86_64-debian-clang | 1.2.3 | 42.93 | 222.29 | 265.22 | OK | |
| r-devel-linux-x86_64-debian-gcc | 1.2.3 | 37.93 | 165.11 | 203.04 | OK | |
| r-devel-linux-x86_64-fedora-clang | 1.2.3 | 96.00 | 357.44 | 453.44 | OK | |
| r-devel-linux-x86_64-fedora-gcc | 1.2.3 | 149.00 | 318.67 | 467.67 | OK | |
| r-devel-windows-x86_64 | 1.2.3 | 55.00 | 164.00 | 219.00 | OK | |
| r-patched-linux-x86_64 | 1.2.3 | 54.78 | 217.47 | 272.25 | OK | |
| r-release-linux-x86_64 | 1.2.3 | 55.62 | 217.50 | 273.12 | OK | |
| r-release-macos-arm64 | 1.2.3 | 23.00 | 64.00 | 87.00 | OK | |
| r-release-macos-x86_64 | 1.2.3 | 53.00 | 199.00 | 252.00 | OK | |
| r-release-windows-x86_64 | 1.2.3 | 60.00 | 196.00 | 256.00 | WARN | |
| r-oldrel-macos-arm64 | 1.2.3 | 19.00 | 69.00 | 88.00 | NOTE | |
| r-oldrel-macos-x86_64 | 1.2.3 | 42.00 | 195.00 | 237.00 | NOTE | |
| r-oldrel-windows-x86_64 | 1.2.3 | 64.00 | 263.00 | 327.00 | OK | 
Version: 1.2.3
Check: whether package can be installed
Result: WARN
  Found the following significant warnings:
    Warning: Torch libraries are installed but loading them caused a segfault.
  See 'd:/Rcompile/CRANpkg/local/4.5/scDHA.Rcheck/00install.out' for details.
  * used C++ compiler: 'g++.exe (GCC) 14.2.0'
Flavor: r-release-windows-x86_64
Version: 1.2.3
Check: installed package size
Result: NOTE
    installed size is  7.4Mb
    sub-directories of 1Mb or more:
      data   4.1Mb
      libs   3.0Mb
Flavors: r-oldrel-macos-arm64, r-oldrel-macos-x86_64