Last updated on 2025-10-31 02:50:42 CET.
| Flavor | Version | Tinstall | Tcheck | Ttotal | Status | Flags | 
|---|---|---|---|---|---|---|
| r-devel-linux-x86_64-debian-clang | 1.0.1 | 2.03 | 41.44 | 43.47 | OK | |
| r-devel-linux-x86_64-debian-gcc | 1.0.1 | 1.58 | 33.55 | 35.13 | OK | |
| r-devel-linux-x86_64-fedora-clang | 1.0.1 | 64.94 | OK | |||
| r-devel-linux-x86_64-fedora-gcc | 1.0.1 | 77.71 | OK | |||
| r-devel-windows-x86_64 | 1.0.1 | 3.00 | 65.00 | 68.00 | OK | |
| r-patched-linux-x86_64 | 1.0.1 | 2.18 | 40.75 | 42.93 | OK | |
| r-release-linux-x86_64 | 1.0.1 | 2.05 | 40.79 | 42.84 | OK | |
| r-release-macos-arm64 | 1.0.1 | 1.00 | 79.00 | 80.00 | OK | |
| r-release-macos-x86_64 | 1.0.1 | 2.00 | 77.00 | 79.00 | OK | |
| r-release-windows-x86_64 | 1.0.1 | 4.00 | 68.00 | 72.00 | OK | |
| r-oldrel-macos-arm64 | 1.0.1 | 1.00 | 32.00 | 33.00 | NOTE | |
| r-oldrel-macos-x86_64 | 1.0.1 | 2.00 | 51.00 | 53.00 | NOTE | |
| r-oldrel-windows-x86_64 | 1.0.1 | 3.00 | 77.00 | 80.00 | NOTE | 
Version: 1.0.1
Check: LazyData
Result: NOTE
    'LazyData' is specified without a 'data' directory
Flavors: r-oldrel-macos-arm64, r-oldrel-macos-x86_64, r-oldrel-windows-x86_64