Last updated on 2025-10-30 02:49:12 CET.
| Flavor | Version | Tinstall | Tcheck | Ttotal | Status | Flags |
|---|---|---|---|---|---|---|
| r-devel-linux-x86_64-debian-clang | 0.1.3 | 69.85 | 561.26 | 631.11 | OK | |
| r-devel-linux-x86_64-debian-gcc | 0.1.3 | 53.16 | 431.06 | 484.22 | OK | |
| r-devel-linux-x86_64-fedora-clang | 0.1.3 | 381.00 | 676.54 | 1057.54 | OK | |
| r-devel-linux-x86_64-fedora-gcc | 0.1.3 | 351.00 | 644.19 | 995.19 | OK | |
| r-devel-windows-x86_64 | 0.1.3 | 70.00 | 454.00 | 524.00 | OK | |
| r-patched-linux-x86_64 | 0.1.3 | 0.29 | 2.02 | 2.31 | ERROR | |
| r-release-linux-x86_64 | 0.1.3 | 58.24 | 526.97 | 585.21 | OK | |
| r-release-macos-arm64 | 0.1.3 | 12.00 | 6.00 | 18.00 | ERROR | |
| r-release-macos-x86_64 | 0.1.3 | 9.00 | ERROR | |||
| r-release-windows-x86_64 | 0.1.3 | 21.00 | 5.00 | 26.00 | ERROR | |
| r-oldrel-macos-arm64 | 0.1.3 | 10.00 | ERROR | |||
| r-oldrel-macos-x86_64 | 0.1.3 | 16.00 | ERROR | |||
| r-oldrel-windows-x86_64 | 0.1.3 | 92.00 | 616.00 | 708.00 | OK |
Version: 0.1.3
Check: package dependencies
Result: ERROR
Package required but not available: ‘cicero’
See section ‘The DESCRIPTION file’ in the ‘Writing R Extensions’
manual.
Flavor: r-patched-linux-x86_64
Version: 0.1.3
Check: whether package can be installed
Result: ERROR
Installation failed.
Flavors: r-release-macos-arm64, r-release-windows-x86_64
Version: 0.1.3
Check: package dependencies
Result: ERROR
Packages required but not available: 'monocle', 'cicero'
See section ‘The DESCRIPTION file’ in the ‘Writing R Extensions’
manual.
Flavor: r-release-macos-x86_64
Version: 0.1.3
Check: package dependencies
Result: ERROR
Packages required and available but unsuitable versions:
'Biobase', 'BiocGenerics', 'monocle', 'cicero'
See section ‘The DESCRIPTION file’ in the ‘Writing R Extensions’
manual.
Flavor: r-oldrel-macos-arm64
Version: 0.1.3
Check: package dependencies
Result: ERROR
Packages required but not available: 'monocle', 'cicero'
Packages required and available but unsuitable versions:
'Biobase', 'BiocGenerics'
See section ‘The DESCRIPTION file’ in the ‘Writing R Extensions’
manual.
Flavor: r-oldrel-macos-x86_64