Last updated on 2025-10-31 02:50:42 CET.
| Flavor | Version | Tinstall | Tcheck | Ttotal | Status | Flags | 
|---|---|---|---|---|---|---|
| r-devel-linux-x86_64-debian-clang | 0.3-44 | 1.94 | 32.30 | 34.24 | NOTE | |
| r-devel-linux-x86_64-debian-gcc | 0.3-44 | 1.80 | 26.16 | 27.96 | NOTE | |
| r-devel-linux-x86_64-fedora-clang | 0.3-44 | 49.23 | OK | |||
| r-devel-linux-x86_64-fedora-gcc | 0.3-44 | 61.88 | OK | |||
| r-devel-windows-x86_64 | 0.3-44 | 3.00 | 68.00 | 71.00 | OK | |
| r-patched-linux-x86_64 | 0.3-44 | 1.92 | 31.29 | 33.21 | OK | |
| r-release-linux-x86_64 | 0.3-44 | 2.33 | 31.25 | 33.58 | OK | |
| r-release-macos-arm64 | 0.3-44 | 1.00 | 25.00 | 26.00 | OK | |
| r-release-macos-x86_64 | 0.3-44 | 2.00 | 47.00 | 49.00 | OK | |
| r-release-windows-x86_64 | 0.3-44 | 4.00 | 76.00 | 80.00 | OK | |
| r-oldrel-macos-arm64 | 0.3-44 | 1.00 | 28.00 | 29.00 | OK | |
| r-oldrel-macos-x86_64 | 0.3-44 | 3.00 | 46.00 | 49.00 | OK | |
| r-oldrel-windows-x86_64 | 0.3-44 | 3.00 | 70.00 | 73.00 | OK | 
Version: 0.3-44
Check: CRAN incoming feasibility
Result: NOTE
  Maintainer: ‘Uwe Ligges <ligges@statistik.tu-dortmund.de>’
  
  No Authors@R field in DESCRIPTION.
  Please add one, modifying
    Authors@R: c(person(given = "Uwe",
                        family = "Ligges",
                        role = c("aut", "cre"),
                        email = "ligges@statistik.tu-dortmund.de"),
                 person(given = "Martin",
                        family = "Maechler",
                        role = "aut"),
                 person(given = "Sarah",
                        family = "Schnackenberg",
                        role = "aut"))
  as necessary.
Flavors: r-devel-linux-x86_64-debian-clang, r-devel-linux-x86_64-debian-gcc