CRAN Package Check Results for Package scoper

Last updated on 2025-10-30 02:49:12 CET.

Flavor Version Tinstall Tcheck Ttotal Status Flags
r-devel-linux-x86_64-debian-clang 1.3.0 50.98 448.31 499.29 OK
r-devel-linux-x86_64-debian-gcc 1.3.0 37.18 327.68 364.86 OK
r-devel-linux-x86_64-fedora-clang 1.3.0 356.00 491.49 847.49 OK
r-devel-linux-x86_64-fedora-gcc 1.3.0 257.00 559.15 816.15 OK
r-devel-windows-x86_64 1.3.0 58.00 408.00 466.00 OK
r-patched-linux-x86_64 1.3.0 0.26 2.02 2.28 ERROR
r-release-linux-x86_64 1.3.0 47.87 423.83 471.70 OK
r-release-macos-arm64 1.3.0 24.00 177.00 201.00 OK
r-release-macos-x86_64 1.3.0 42.00 319.00 361.00 OK
r-release-windows-x86_64 1.3.0 53.00 403.00 456.00 OK
r-oldrel-macos-arm64 1.3.0 25.00 180.00 205.00 OK
r-oldrel-macos-x86_64 1.3.0 42.00 270.00 312.00 OK
r-oldrel-windows-x86_64 1.3.0 71.00 535.00 606.00 OK

Check Details

Version: 1.3.0
Check: package dependencies
Result: ERROR Packages required but not available: 'alakazam', 'shazam' See section ‘The DESCRIPTION file’ in the ‘Writing R Extensions’ manual. Flavor: r-patched-linux-x86_64