Last updated on 2025-10-31 02:50:43 CET.
| Flavor | Version | Tinstall | Tcheck | Ttotal | Status | Flags | 
|---|---|---|---|---|---|---|
| r-devel-linux-x86_64-debian-clang | 0.6 | 2.76 | 33.27 | 36.03 | NOTE | |
| r-devel-linux-x86_64-debian-gcc | 0.6 | 1.90 | 24.93 | 26.83 | NOTE | |
| r-devel-linux-x86_64-fedora-clang | 0.6 | 55.61 | OK | |||
| r-devel-linux-x86_64-fedora-gcc | 0.6 | 54.33 | OK | |||
| r-devel-windows-x86_64 | 0.6 | 3.00 | 56.00 | 59.00 | OK | |
| r-patched-linux-x86_64 | 0.6 | 3.14 | 31.68 | 34.82 | OK | |
| r-release-linux-x86_64 | 0.6 | 2.58 | 31.68 | 34.26 | OK | |
| r-release-macos-arm64 | 0.6 | 2.00 | 26.00 | 28.00 | OK | |
| r-release-macos-x86_64 | 0.6 | 2.00 | 41.00 | 43.00 | OK | |
| r-release-windows-x86_64 | 0.6 | 5.00 | 58.00 | 63.00 | OK | |
| r-oldrel-macos-arm64 | 0.6 | 1.00 | 18.00 | 19.00 | OK | |
| r-oldrel-macos-x86_64 | 0.6 | 2.00 | 37.00 | 39.00 | OK | |
| r-oldrel-windows-x86_64 | 0.6 | 4.00 | 63.00 | 67.00 | OK | 
Version: 0.6
Check: CRAN incoming feasibility
Result: NOTE
  Maintainer: ‘Ed Merkle <merklee@missouri.edu>’
  
  No Authors@R field in DESCRIPTION.
  Please add one, modifying
    Authors@R: person(given = "Ed",
                      family = "Merkle",
                      role = c("aut", "cre"),
                      email = "merklee@missouri.edu")
  as necessary.
  
  Package CITATION file contains call(s) to old-style personList() or
  as.personList().  Please use c() on person objects instead.
  Package CITATION file contains call(s) to old-style citEntry().  Please
  use bibentry() instead.
Flavors: r-devel-linux-x86_64-debian-clang, r-devel-linux-x86_64-debian-gcc