Last updated on 2025-10-31 02:50:43 CET.
| Flavor | Version | Tinstall | Tcheck | Ttotal | Status | Flags | 
|---|---|---|---|---|---|---|
| r-devel-linux-x86_64-debian-clang | 1.0.4 | 3.77 | 25.17 | 28.94 | NOTE | |
| r-devel-linux-x86_64-debian-gcc | 1.0.4 | 2.52 | 20.43 | 22.95 | NOTE | |
| r-devel-linux-x86_64-fedora-clang | 1.0.4 | 42.89 | NOTE | |||
| r-devel-linux-x86_64-fedora-gcc | 1.0.4 | 40.63 | NOTE | |||
| r-devel-windows-x86_64 | 1.0.4 | 7.00 | 44.00 | 51.00 | OK | |
| r-patched-linux-x86_64 | 1.0.4 | 2.85 | 23.87 | 26.72 | OK | |
| r-release-linux-x86_64 | 1.0.4 | 3.14 | 24.08 | 27.22 | OK | |
| r-release-macos-arm64 | 1.0.4 | 5.00 | 19.00 | 24.00 | OK | |
| r-release-macos-x86_64 | 1.0.4 | 5.00 | 33.00 | 38.00 | OK | |
| r-release-windows-x86_64 | 1.0.4 | 5.00 | 48.00 | 53.00 | OK | |
| r-oldrel-macos-arm64 | 1.0.4 | 3.00 | 14.00 | 17.00 | OK | |
| r-oldrel-macos-x86_64 | 1.0.4 | 5.00 | 26.00 | 31.00 | OK | |
| r-oldrel-windows-x86_64 | 1.0.4 | 5.00 | 45.00 | 50.00 | OK | 
Version: 1.0.4
Check: CRAN incoming feasibility
Result: NOTE
  Maintainer: ‘Daniela M. Witten <dwitten@uw.edu>’
  
  No Authors@R field in DESCRIPTION.
  Please add one, modifying
    Authors@R: c(person(given = c("Daniela", "M."),
                        family = "Witten",
                        role = c("aut", "cre"),
                        email = "dwitten@uw.edu"),
                 person(given = "Robert",
                        family = "Tibshirani",
                        role = "aut"))
  as necessary.
Flavors: r-devel-linux-x86_64-debian-clang, r-devel-linux-x86_64-debian-gcc
Version: 1.0.4
Check: compiled code
Result: NOTE
  File ‘scout/libs/scout.so’:
    Found no calls to: ‘R_registerRoutines’, ‘R_useDynamicSymbols’
  
  It is good practice to register native routines and to disable symbol
  search.
  
  See ‘Writing portable packages’ in the ‘Writing R Extensions’ manual.
Flavors: r-devel-linux-x86_64-fedora-clang, r-devel-linux-x86_64-fedora-gcc