Last updated on 2025-10-31 02:50:43 CET.
| Flavor | Version | Tinstall | Tcheck | Ttotal | Status | Flags | 
|---|---|---|---|---|---|---|
| r-devel-linux-x86_64-debian-clang | 1.3.5 | 5.41 | 53.78 | 59.19 | NOTE | |
| r-devel-linux-x86_64-debian-gcc | 1.3.5 | 3.98 | 37.06 | 41.04 | NOTE | |
| r-devel-linux-x86_64-fedora-clang | 1.3.5 | 51.00 | 42.67 | 93.67 | NOTE | |
| r-devel-linux-x86_64-fedora-gcc | 1.3.5 | 31.00 | 61.19 | 92.19 | NOTE | |
| r-devel-windows-x86_64 | 1.3.5 | 6.00 | 71.00 | 77.00 | NOTE | |
| r-patched-linux-x86_64 | 1.3.5 | 6.45 | 40.75 | 47.20 | NOTE | |
| r-release-linux-x86_64 | 1.3.5 | 6.63 | 50.12 | 56.75 | NOTE | |
| r-release-macos-arm64 | 1.3.5 | 3.00 | 29.00 | 32.00 | NOTE | |
| r-release-macos-x86_64 | 1.3.5 | 6.00 | 36.00 | 42.00 | NOTE | |
| r-release-windows-x86_64 | 1.3.5 | 8.00 | 72.00 | 80.00 | NOTE | |
| r-oldrel-macos-arm64 | 1.3.5 | 3.00 | 21.00 | 24.00 | NOTE | |
| r-oldrel-macos-x86_64 | 1.3.5 | 4.00 | 34.00 | 38.00 | NOTE | |
| r-oldrel-windows-x86_64 | 1.3.5 | 8.00 | 83.00 | 91.00 | NOTE | 
Version: 1.3.5
Check: CRAN incoming feasibility
Result: NOTE
  Maintainer: ‘Holger Schwender <holger.schw@gmx.de>’
  
  No Authors@R field in DESCRIPTION.
  Please add one, modifying
    Authors@R: c(person(given = "Holger",
                        family = "Schwender",
                        role = c("aut", "cre"),
                        email = "holger.schw@gmx.de"),
                 person(given = c("with", "a", "contribution", "of", "Arno"),
                        family = "Fritsch",
                        role = "aut"))
  as necessary.
Flavors: r-devel-linux-x86_64-debian-clang, r-devel-linux-x86_64-debian-gcc
Version: 1.3.5
Check: Rd files
Result: NOTE
  checkRd: (-1) simulateSNPs.Rd:46: Escaped LaTeX specials: \& \& \&
  checkRd: (-1) simulateSNPs.Rd:80: Escaped LaTeX specials: \& \& \&
Flavors: r-devel-linux-x86_64-debian-clang, r-devel-linux-x86_64-debian-gcc, r-devel-linux-x86_64-fedora-clang, r-devel-linux-x86_64-fedora-gcc, r-devel-windows-x86_64, r-patched-linux-x86_64, r-release-linux-x86_64, r-release-macos-arm64, r-release-macos-x86_64, r-release-windows-x86_64, r-oldrel-macos-arm64, r-oldrel-macos-x86_64, r-oldrel-windows-x86_64