Last updated on 2025-10-31 02:50:43 CET.
| Flavor | Version | Tinstall | Tcheck | Ttotal | Status | Flags | 
|---|---|---|---|---|---|---|
| r-devel-linux-x86_64-debian-clang | 3.1 | 10.53 | 84.55 | 95.08 | NOTE | |
| r-devel-linux-x86_64-debian-gcc | 3.1 | 6.37 | 64.09 | 70.46 | NOTE | |
| r-devel-linux-x86_64-fedora-clang | 3.1 | 22.00 | 122.50 | 144.50 | NOTE | |
| r-devel-linux-x86_64-fedora-gcc | 3.1 | 27.00 | 112.25 | 139.25 | NOTE | |
| r-devel-windows-x86_64 | 3.1 | 12.00 | 91.00 | 103.00 | NOTE | |
| r-patched-linux-x86_64 | 3.1 | 10.26 | 80.93 | 91.19 | NOTE | |
| r-release-linux-x86_64 | 3.1 | 9.51 | 81.72 | 91.23 | NOTE | |
| r-release-macos-arm64 | 3.1 | 4.00 | 39.00 | 43.00 | NOTE | |
| r-release-macos-x86_64 | 3.1 | 8.00 | 62.00 | 70.00 | NOTE | |
| r-release-windows-x86_64 | 3.1 | 11.00 | 93.00 | 104.00 | NOTE | |
| r-oldrel-macos-arm64 | 3.1 | 4.00 | 35.00 | 39.00 | NOTE | |
| r-oldrel-macos-x86_64 | 3.1 | 7.00 | 55.00 | 62.00 | NOTE | |
| r-oldrel-windows-x86_64 | 3.1 | 14.00 | 114.00 | 128.00 | NOTE | 
Version: 3.1
Check: CRAN incoming feasibility
Result: NOTE
  Maintainer: ‘Jae Keun Yoo <peter.yoo@ewha.ac.kr>’
  
  No Authors@R field in DESCRIPTION.
  Please add one, modifying
    Authors@R: c(person(given = c("Jae", "Keun"),
                        family = "Yoo",
                        role = c("aut", "cre"),
                        email = "peter.yoo@ewha.ac.kr"),
                 person(given = "Bo-Young",
                        family = "Kim",
                        role = "aut"))
  as necessary.
Flavors: r-devel-linux-x86_64-debian-clang, r-devel-linux-x86_64-debian-gcc
Version: 3.1
Check: Rd files
Result: NOTE
  checkRd: (-1) seedCCA.Rd:17: Lost braces; missing escapes or markup?
      17 | \item{u}{numeric, maximum number of projections. The default is 10. This is used for \code{type="seed1"}, \code{type="seed2"} and {tyepe="pls"}.}
         |                                                                                                                                   ^
Flavors: r-devel-linux-x86_64-debian-clang, r-devel-linux-x86_64-debian-gcc, r-devel-linux-x86_64-fedora-clang, r-devel-linux-x86_64-fedora-gcc, r-devel-windows-x86_64, r-patched-linux-x86_64, r-release-linux-x86_64, r-release-macos-arm64, r-release-macos-x86_64, r-release-windows-x86_64, r-oldrel-macos-arm64, r-oldrel-macos-x86_64, r-oldrel-windows-x86_64