Last updated on 2025-10-31 02:50:43 CET.
| Flavor | Version | Tinstall | Tcheck | Ttotal | Status | Flags | 
|---|---|---|---|---|---|---|
| r-devel-linux-x86_64-debian-clang | 1.0.3 | 2.09 | 29.38 | 31.47 | NOTE | |
| r-devel-linux-x86_64-debian-gcc | 1.0.3 | 1.88 | 22.36 | 24.24 | NOTE | |
| r-devel-linux-x86_64-fedora-clang | 1.0.3 | 47.48 | OK | |||
| r-devel-linux-x86_64-fedora-gcc | 1.0.3 | 45.24 | OK | |||
| r-devel-windows-x86_64 | 1.0.3 | 4.00 | 47.00 | 51.00 | OK | |
| r-patched-linux-x86_64 | 1.0.3 | 2.17 | 26.43 | 28.60 | OK | |
| r-release-linux-x86_64 | 1.0.3 | 2.24 | 26.48 | 28.72 | OK | |
| r-release-macos-arm64 | 1.0.3 | 1.00 | 31.00 | 32.00 | OK | |
| r-release-macos-x86_64 | 1.0.3 | 2.00 | 31.00 | 33.00 | OK | |
| r-release-windows-x86_64 | 1.0.3 | 3.00 | 54.00 | 57.00 | OK | |
| r-oldrel-macos-arm64 | 1.0.3 | 1.00 | 17.00 | 18.00 | OK | |
| r-oldrel-macos-x86_64 | 1.0.3 | 2.00 | 25.00 | 27.00 | OK | |
| r-oldrel-windows-x86_64 | 1.0.3 | 3.00 | 53.00 | 56.00 | OK | 
Version: 1.0.3
Check: CRAN incoming feasibility
Result: NOTE
  Maintainer: ‘Paul R. Rosenbaum <rosenbaum@wharton.upenn.edu>’
  
  No Authors@R field in DESCRIPTION.
  Please add one, modifying
    Authors@R: person(given = c("Paul", "R."),
                      family = "Rosenbaum",
                      role = c("aut", "cre"),
                      email = "rosenbaum@wharton.upenn.edu")
  as necessary.
Flavors: r-devel-linux-x86_64-debian-clang, r-devel-linux-x86_64-debian-gcc