Last updated on 2025-10-30 02:49:12 CET.
| Flavor | Version | Tinstall | Tcheck | Ttotal | Status | Flags |
|---|---|---|---|---|---|---|
| r-devel-linux-x86_64-debian-clang | 0.0.1 | 2.55 | 23.64 | 26.19 | NOTE | |
| r-devel-linux-x86_64-debian-gcc | 0.0.1 | 2.09 | 19.71 | 21.80 | NOTE | |
| r-devel-linux-x86_64-fedora-clang | 0.0.1 | 38.06 | OK | |||
| r-devel-linux-x86_64-fedora-gcc | 0.0.1 | 36.31 | OK | |||
| r-devel-windows-x86_64 | 0.0.1 | 3.00 | 42.00 | 45.00 | OK | |
| r-patched-linux-x86_64 | 0.0.1 | 3.04 | 21.78 | 24.82 | OK | |
| r-release-linux-x86_64 | 0.0.1 | 2.89 | 21.66 | 24.55 | OK | |
| r-release-macos-arm64 | 0.0.1 | 2.00 | 17.00 | 19.00 | OK | |
| r-release-macos-x86_64 | 0.0.1 | 5.00 | 34.00 | 39.00 | OK | |
| r-release-windows-x86_64 | 0.0.1 | 4.00 | 43.00 | 47.00 | OK | |
| r-oldrel-macos-arm64 | 0.0.1 | 2.00 | 14.00 | 16.00 | OK | |
| r-oldrel-macos-x86_64 | 0.0.1 | 4.00 | 28.00 | 32.00 | OK | |
| r-oldrel-windows-x86_64 | 0.0.1 | 5.00 | 50.00 | 55.00 | OK |
Version: 0.0.1
Check: CRAN incoming feasibility
Result: NOTE
Maintainer: ‘Lewis A. Jones <LewisA.Jones@outlook.com>’
Package CITATION file contains call(s) to old-style citEntry(). Please
use bibentry() instead.
Flavors: r-devel-linux-x86_64-debian-clang, r-devel-linux-x86_64-debian-gcc