Last updated on 2025-10-30 02:49:13 CET.
| Flavor | Version | Tinstall | Tcheck | Ttotal | Status | Flags | 
|---|---|---|---|---|---|---|
| r-devel-linux-x86_64-debian-clang | 1.3.0 | 45.88 | 627.17 | 673.05 | OK | |
| r-devel-linux-x86_64-debian-gcc | 1.3.0 | 38.03 | 441.04 | 479.07 | OK | |
| r-devel-linux-x86_64-fedora-clang | 1.3.0 | 350.00 | 810.40 | 1160.40 | OK | |
| r-devel-linux-x86_64-fedora-gcc | 1.3.0 | 292.00 | 826.06 | 1118.06 | OK | |
| r-devel-windows-x86_64 | 1.3.0 | 51.00 | 538.00 | 589.00 | OK | |
| r-patched-linux-x86_64 | 1.3.0 | 0.35 | 2.17 | 2.52 | ERROR | |
| r-release-linux-x86_64 | 1.3.0 | 47.86 | 610.22 | 658.08 | OK | |
| r-release-macos-arm64 | 1.3.0 | 21.00 | 242.00 | 263.00 | OK | |
| r-release-macos-x86_64 | 1.3.0 | 57.00 | 473.00 | 530.00 | OK | |
| r-release-windows-x86_64 | 1.3.0 | 52.00 | 674.00 | 726.00 | OK | |
| r-oldrel-macos-arm64 | 1.3.0 | 27.00 | 257.00 | 284.00 | OK | |
| r-oldrel-macos-x86_64 | 1.3.0 | 54.00 | 514.00 | 568.00 | OK | |
| r-oldrel-windows-x86_64 | 1.3.0 | 54.00 | 571.00 | 625.00 | OK | 
Version: 1.3.0
Check: package dependencies
Result: ERROR
  Package required but not available: ‘alakazam’
  
  See section ‘The DESCRIPTION file’ in the ‘Writing R Extensions’
  manual.
Flavor: r-patched-linux-x86_64