Last updated on 2025-10-31 02:50:43 CET.
| Flavor | Version | Tinstall | Tcheck | Ttotal | Status | Flags | 
|---|---|---|---|---|---|---|
| r-devel-linux-x86_64-debian-clang | 1.1.0 | 2.86 | 30.28 | 33.14 | OK | |
| r-devel-linux-x86_64-debian-gcc | 1.1.0 | 2.36 | 23.38 | 25.74 | OK | |
| r-devel-linux-x86_64-fedora-clang | 1.1.0 | 51.99 | OK | |||
| r-devel-linux-x86_64-fedora-gcc | 1.1.0 | 12.00 | 38.50 | 50.50 | OK | |
| r-devel-windows-x86_64 | 1.1.0 | 10.00 | 46.00 | 56.00 | OK | |
| r-patched-linux-x86_64 | 1.1.0 | 3.43 | 28.47 | 31.90 | OK | |
| r-release-linux-x86_64 | 1.1.0 | 3.13 | 28.69 | 31.82 | OK | |
| r-release-macos-arm64 | 1.1.0 | 2.00 | 22.00 | 24.00 | OK | |
| r-release-macos-x86_64 | 1.1.0 | 3.00 | 39.00 | 42.00 | OK | |
| r-release-windows-x86_64 | 1.1.0 | 11.00 | 54.00 | 65.00 | OK | |
| r-oldrel-macos-arm64 | 1.1.0 | 2.00 | 19.00 | 21.00 | NOTE | |
| r-oldrel-macos-x86_64 | 1.1.0 | 3.00 | 27.00 | 30.00 | NOTE | |
| r-oldrel-windows-x86_64 | 1.1.0 | 13.00 | 54.00 | 67.00 | NOTE | 
Version: 1.1.0
Check: package dependencies
Result: NOTE
  Package suggested but not available for checking: ‘uchardet’
Flavors: r-oldrel-macos-arm64, r-oldrel-macos-x86_64
Version: 1.1.0
Check: installed package size
Result: NOTE
    installed size is 21.1Mb
    sub-directories of 1Mb or more:
      shinyApp  21.0Mb
Flavors: r-oldrel-macos-arm64, r-oldrel-macos-x86_64, r-oldrel-windows-x86_64
Version: 1.1.0
Check: LazyData
Result: NOTE
    'LazyData' is specified without a 'data' directory
Flavors: r-oldrel-macos-arm64, r-oldrel-macos-x86_64, r-oldrel-windows-x86_64