Last updated on 2025-10-31 02:50:43 CET.
| Flavor | Version | Tinstall | Tcheck | Ttotal | Status | Flags | 
|---|---|---|---|---|---|---|
| r-devel-linux-x86_64-debian-clang | 2.2.0 | 3.11 | 31.71 | 34.82 | NOTE | |
| r-devel-linux-x86_64-debian-gcc | 2.2.0 | 2.48 | 24.58 | 27.06 | NOTE | |
| r-devel-linux-x86_64-fedora-clang | 2.2.0 | 50.88 | OK | |||
| r-devel-linux-x86_64-fedora-gcc | 2.2.0 | 48.12 | OK | |||
| r-devel-windows-x86_64 | 2.2.0 | 5.00 | 54.00 | 59.00 | OK | |
| r-patched-linux-x86_64 | 2.2.0 | 3.47 | 29.06 | 32.53 | OK | |
| r-release-linux-x86_64 | 2.2.0 | 2.80 | 29.11 | 31.91 | OK | |
| r-release-macos-arm64 | 2.2.0 | 2.00 | 29.00 | 31.00 | OK | |
| r-release-macos-x86_64 | 2.2.0 | 3.00 | 31.00 | 34.00 | OK | |
| r-release-windows-x86_64 | 2.2.0 | 5.00 | 49.00 | 54.00 | OK | |
| r-oldrel-macos-arm64 | 2.2.0 | 2.00 | 17.00 | 19.00 | OK | |
| r-oldrel-macos-x86_64 | 2.2.0 | 2.00 | 26.00 | 28.00 | OK | |
| r-oldrel-windows-x86_64 | 2.2.0 | 6.00 | 53.00 | 59.00 | OK | 
Version: 2.2.0
Check: CRAN incoming feasibility
Result: NOTE
  Maintainer: ‘Gábor Csárdi <csardi.gabor@gmail.com>’
  
  No Authors@R field in DESCRIPTION.
  Please add one, modifying
    Authors@R: c(person(given = "John",
                        family = "Papa",
                        role = "aut"),
                 person(given = "Tim",
                        family = "Ferrell",
                        role = "aut"),
                 person(given = "Hans",
                        family = "Fjällemark",
                        role = "aut"),
                 person(given = "Gábor",
                        family = "Csárdi",
                        role = c("aut", "cre"),
                        email = "csardi.gabor@gmail.com"))
  as necessary.
Flavors: r-devel-linux-x86_64-debian-clang, r-devel-linux-x86_64-debian-gcc