Last updated on 2025-10-31 02:50:43 CET.
| Flavor | Version | Tinstall | Tcheck | Ttotal | Status | Flags | 
|---|---|---|---|---|---|---|
| r-devel-linux-x86_64-debian-clang | 1-0 | 5.83 | 68.55 | 74.38 | NOTE | |
| r-devel-linux-x86_64-debian-gcc | 1-0 | 4.21 | 46.35 | 50.56 | NOTE | |
| r-devel-linux-x86_64-fedora-clang | 1-0 | 13.00 | 100.40 | 113.40 | OK | |
| r-devel-linux-x86_64-fedora-gcc | 1-0 | 13.00 | 96.65 | 109.65 | OK | |
| r-devel-windows-x86_64 | 1-0 | 9.00 | 149.00 | 158.00 | OK | |
| r-patched-linux-x86_64 | 1-0 | 6.05 | 63.75 | 69.80 | OK | |
| r-release-linux-x86_64 | 1-0 | 5.38 | 64.61 | 69.99 | OK | |
| r-release-macos-arm64 | 1-0 | 5.00 | 31.00 | 36.00 | OK | |
| r-release-macos-x86_64 | 1-0 | 6.00 | 62.00 | 68.00 | OK | |
| r-release-windows-x86_64 | 1-0 | 10.00 | 82.00 | 92.00 | OK | |
| r-oldrel-macos-arm64 | 1-0 | 4.00 | 27.00 | 31.00 | OK | |
| r-oldrel-macos-x86_64 | 1-0 | 5.00 | 45.00 | 50.00 | OK | |
| r-oldrel-windows-x86_64 | 1-0 | 12.00 | 97.00 | 109.00 | OK | 
Version: 1-0
Check: CRAN incoming feasibility
Result: NOTE
  Maintainer: ‘Binbin Lu <binbinlu@whu.edu.cn>’
  
  No Authors@R field in DESCRIPTION.
  Please add one, modifying
    Authors@R: person(given = "Binbin",
                      family = "Lu",
                      role = c("aut", "cre"),
                      email = "binbinlu@whu.edu.cn")
  as necessary.
Flavors: r-devel-linux-x86_64-debian-clang, r-devel-linux-x86_64-debian-gcc