Last updated on 2025-10-30 02:49:13 CET.
| Flavor | Version | Tinstall | Tcheck | Ttotal | Status | Flags |
|---|---|---|---|---|---|---|
| r-devel-linux-x86_64-debian-clang | 0.1.24 | 4.93 | 53.98 | 58.91 | OK | |
| r-devel-linux-x86_64-debian-gcc | 0.1.24 | 2.87 | 38.68 | 41.55 | OK | |
| r-devel-linux-x86_64-fedora-clang | 0.1.24 | 38.00 | 63.99 | 101.99 | NOTE | |
| r-devel-linux-x86_64-fedora-gcc | 0.1.24 | 41.00 | 72.06 | 113.06 | NOTE | |
| r-devel-windows-x86_64 | 0.1.24 | 8.00 | 65.00 | 73.00 | OK | |
| r-patched-linux-x86_64 | 0.1.24 | 0.36 | 1.92 | 2.28 | ERROR | |
| r-release-linux-x86_64 | 0.1.24 | 5.01 | 50.24 | 55.25 | OK | |
| r-release-macos-arm64 | 0.1.24 | 2.00 | 37.00 | 39.00 | OK | |
| r-release-macos-x86_64 | 0.1.24 | 5.00 | 66.00 | 71.00 | OK | |
| r-release-windows-x86_64 | 0.1.24 | 7.00 | 66.00 | 73.00 | OK | |
| r-oldrel-macos-arm64 | 0.1.24 | 3.00 | 40.00 | 43.00 | OK | |
| r-oldrel-macos-x86_64 | 0.1.24 | 6.00 | 83.00 | 89.00 | OK | |
| r-oldrel-windows-x86_64 | 0.1.24 | 12.00 | 78.00 | 90.00 | OK |
Version: 0.1.24
Check: dependencies in R code
Result: NOTE
Namespaces in Imports field not imported from:
‘KernSmooth’ ‘MASS’ ‘class’ ‘cluster’ ‘lattice’ ‘nnet’
All declared Imports should be used.
Flavors: r-devel-linux-x86_64-fedora-clang, r-devel-linux-x86_64-fedora-gcc
Version: 0.1.24
Check: package dependencies
Result: ERROR
Package required but not available: ‘GSVA’
See section ‘The DESCRIPTION file’ in the ‘Writing R Extensions’
manual.
Flavor: r-patched-linux-x86_64